Last updated on 2022-06-14 11:49:09 CEST.
Flavor | Version | Tinstall | Tcheck | Ttotal | Status | Flags |
---|---|---|---|---|---|---|
r-devel-linux-x86_64-debian-clang | 2.1.0 | 3.56 | 35.96 | 39.52 | NOTE | |
r-devel-linux-x86_64-debian-gcc | 2.1.0 | 2.66 | 27.65 | 30.31 | NOTE | |
r-devel-linux-x86_64-fedora-clang | 2.1.0 | 47.32 | NOTE | |||
r-devel-linux-x86_64-fedora-gcc | 2.1.0 | 45.45 | NOTE | |||
r-devel-windows-x86_64 | 2.1.0 | 14.00 | 50.00 | 64.00 | NOTE | |
r-patched-linux-x86_64 | 2.1.0 | 2.78 | 34.37 | 37.15 | NOTE | |
r-release-linux-x86_64 | 2.1.0 | 3.20 | 34.36 | 37.56 | NOTE | |
r-release-macos-arm64 | 2.1.0 | 16.00 | NOTE | |||
r-release-macos-x86_64 | 2.1.0 | 21.00 | NOTE | |||
r-release-windows-x86_64 | 2.1.0 | 8.00 | 47.00 | 55.00 | NOTE | |
r-oldrel-macos-arm64 | 2.1.0 | 17.00 | NOTE | |||
r-oldrel-macos-x86_64 | 2.1.0 | 29.00 | NOTE | |||
r-oldrel-windows-ix86+x86_64 | 2.1.0 | 6.00 | 37.00 | 43.00 | NOTE |
Version: 2.1.0
Check: R code for possible problems
Result: NOTE
is.beta: no visible global function definition for 'pbeta'
is.beta: no visible global function definition for 'qchisq'
is.beta: no visible global function definition for 'pchisq'
is.binom: no visible global function definition for 'pbinom'
is.binom: no visible global function definition for 'qchisq'
is.binom: no visible global function definition for 'pchisq'
is.chisq: no visible global function definition for 'pchisq'
is.chisq: no visible global function definition for 'qchisq'
is.degen: no visible global function definition for 'var'
is.exp: no visible global function definition for 'pexp'
is.exp: no visible global function definition for 'qchisq'
is.exp: no visible global function definition for 'pchisq'
is.f: no visible global function definition for 'pf'
is.f: no visible global function definition for 'qchisq'
is.f: no visible global function definition for 'pchisq'
is.gamma: no visible global function definition for 'var'
is.gamma: no visible global function definition for 'pgamma'
is.gamma: no visible global function definition for 'qchisq'
is.gamma: no visible global function definition for 'pchisq'
is.geom: no visible global function definition for 'dgeom'
is.geom: no visible global function definition for 'pgeom'
is.geom: no visible global function definition for 'qchisq'
is.geom: no visible global function definition for 'pchisq'
is.nbinom: no visible global function definition for 'pnbinom'
is.nbinom: no visible global function definition for 'qchisq'
is.nbinom: no visible global function definition for 'pchisq'
is.norm: no visible global function definition for 'pnorm'
is.norm: no visible global function definition for 'qchisq'
is.norm: no visible global function definition for 'pchisq'
is.pois: no visible global function definition for 'dpois'
is.pois: no visible global function definition for 'ppois'
is.pois: no visible global function definition for 'qchisq'
is.pois: no visible global function definition for 'pchisq'
is.t: no visible global function definition for 'var'
is.t: no visible global function definition for 'pt'
is.t: no visible global function definition for 'qchisq'
is.t: no visible global function definition for 'pchisq'
is.unif: no visible global function definition for 'punif'
is.unif: no visible global function definition for 'qchisq'
is.unif: no visible global function definition for 'pchisq'
Undefined global functions or variables:
dgeom dpois pbeta pbinom pchisq pexp pf pgamma pgeom pnbinom pnorm
ppois pt punif qchisq var
Consider adding
importFrom("stats", "dgeom", "dpois", "pbeta", "pbinom", "pchisq",
"pexp", "pf", "pgamma", "pgeom", "pnbinom", "pnorm",
"ppois", "pt", "punif", "qchisq", "var")
to your NAMESPACE file.
Flavors: r-devel-linux-x86_64-debian-clang, r-devel-linux-x86_64-debian-gcc, r-devel-linux-x86_64-fedora-clang, r-devel-linux-x86_64-fedora-gcc, r-devel-windows-x86_64, r-patched-linux-x86_64, r-release-linux-x86_64, r-release-macos-arm64, r-release-macos-x86_64, r-release-windows-x86_64, r-oldrel-macos-arm64, r-oldrel-macos-x86_64, r-oldrel-windows-ix86+x86_64