Last updated on 2022-06-14 11:49:17 CEST.
| Flavor | Version | Tinstall | Tcheck | Ttotal | Status | Flags | 
|---|---|---|---|---|---|---|
| r-devel-linux-x86_64-debian-clang | 1.0 | 10.83 | 97.39 | 108.22 | NOTE | |
| r-devel-linux-x86_64-debian-gcc | 1.0 | 7.36 | 73.75 | 81.11 | NOTE | |
| r-devel-linux-x86_64-fedora-clang | 1.0 | 138.53 | NOTE | |||
| r-devel-linux-x86_64-fedora-gcc | 1.0 | 135.55 | NOTE | |||
| r-devel-windows-x86_64 | 1.0 | 14.00 | 105.00 | 119.00 | NOTE | |
| r-patched-linux-x86_64 | 1.0 | 9.14 | 95.38 | 104.52 | NOTE | |
| r-release-linux-x86_64 | 1.0 | 10.10 | 93.51 | 103.61 | NOTE | |
| r-release-macos-arm64 | 1.0 | 55.00 | NOTE | |||
| r-release-macos-x86_64 | 1.0 | 51.00 | NOTE | |||
| r-release-windows-x86_64 | 1.0 | 15.00 | 107.00 | 122.00 | NOTE | |
| r-oldrel-macos-arm64 | 1.0 | 42.00 | NOTE | |||
| r-oldrel-macos-x86_64 | 1.0 | 65.00 | NOTE | |||
| r-oldrel-windows-ix86+x86_64 | 1.0 | 21.00 | 108.00 | 129.00 | NOTE | 
Version: 1.0
Check: R code for possible problems
Result: NOTE
    .mcmc.bar: no visible global function definition for 'rnorm'
    .mcmc.bar: no visible global function definition for 'runif'
    .mcmc.comb: no visible global function definition for 'rnorm'
    .mcmc.comb: no visible global function definition for 'runif'
    .mcmc.rd: no visible global function definition for 'rnorm'
    .mcmc.rd: no visible global function definition for 'runif'
    .mcmc.trans: no visible global function definition for 'rnorm'
    .mcmc.trans: no visible global function definition for 'runif'
    .simulate.bar: no visible global function definition for 'rlnorm'
    .simulate.bar: no visible global function definition for 'rbeta'
    .simulate.bar: no visible global function definition for 'rbinom'
    .simulate.comb: no visible global function definition for 'rlnorm'
    .simulate.comb: no visible global function definition for 'rbeta'
    .simulate.comb: no visible global function definition for 'rbinom'
    .simulate.rd: no visible global function definition for 'rlnorm'
    .simulate.rd: no visible global function definition for 'rbinom'
    .simulate.trans: no visible global function definition for 'rlnorm'
    .simulate.trans: no visible global function definition for 'rbinom'
    Undefined global functions or variables:
      rbeta rbinom rlnorm rnorm runif
    Consider adding
      importFrom("stats", "rbeta", "rbinom", "rlnorm", "rnorm", "runif")
    to your NAMESPACE file.
Flavors: r-devel-linux-x86_64-debian-clang, r-devel-linux-x86_64-debian-gcc, r-devel-linux-x86_64-fedora-clang, r-devel-linux-x86_64-fedora-gcc, r-devel-windows-x86_64, r-patched-linux-x86_64, r-release-linux-x86_64, r-release-macos-arm64, r-release-macos-x86_64, r-release-windows-x86_64, r-oldrel-macos-arm64, r-oldrel-macos-x86_64, r-oldrel-windows-ix86+x86_64