Last updated on 2022-06-14 11:49:21 CEST.
Flavor | Version | Tinstall | Tcheck | Ttotal | Status | Flags |
---|---|---|---|---|---|---|
r-devel-linux-x86_64-debian-clang | 0.1.4 | 2.54 | 32.83 | 35.37 | NOTE | |
r-devel-linux-x86_64-debian-gcc | 0.1.4 | 1.73 | 25.41 | 27.14 | NOTE | |
r-devel-linux-x86_64-fedora-clang | 0.1.4 | 42.20 | NOTE | |||
r-devel-linux-x86_64-fedora-gcc | 0.1.4 | 41.32 | NOTE | |||
r-devel-windows-x86_64 | 0.1.4 | 16.00 | 56.00 | 72.00 | NOTE | |
r-patched-linux-x86_64 | 0.1.4 | 1.73 | 31.99 | 33.72 | NOTE | |
r-release-linux-x86_64 | 0.1.4 | 1.97 | 31.69 | 33.66 | NOTE | |
r-release-macos-arm64 | 0.1.4 | 15.00 | NOTE | |||
r-release-macos-x86_64 | 0.1.4 | 21.00 | NOTE | |||
r-release-windows-x86_64 | 0.1.4 | 5.00 | 53.00 | 58.00 | NOTE | |
r-oldrel-macos-arm64 | 0.1.4 | 18.00 | NOTE | |||
r-oldrel-macos-x86_64 | 0.1.4 | 28.00 | NOTE | |||
r-oldrel-windows-ix86+x86_64 | 0.1.4 | 5.00 | 39.00 | 44.00 | NOTE |
Version: 0.1.4
Check: DESCRIPTION meta-information
Result: NOTE
Malformed Title field: should not end in a period.
Flavors: r-devel-linux-x86_64-debian-clang, r-devel-linux-x86_64-debian-gcc, r-devel-linux-x86_64-fedora-clang, r-devel-linux-x86_64-fedora-gcc, r-devel-windows-x86_64, r-patched-linux-x86_64, r-release-linux-x86_64, r-release-macos-arm64, r-release-macos-x86_64, r-release-windows-x86_64, r-oldrel-macos-arm64, r-oldrel-macos-x86_64, r-oldrel-windows-ix86+x86_64
Version: 0.1.4
Check: R code for possible problems
Result: NOTE
barplot.rtconnect: no visible global function definition for 'rainbow'
barplot.rtconnect: no visible global function definition for 'text'
plot.rtconnect: no visible global function definition for 'par'
plot.rtconnect: no visible global function definition for 'axis.Date'
rtconnect: no visible global function definition for 'read.table'
Undefined global functions or variables:
axis.Date par rainbow read.table text
Consider adding
importFrom("grDevices", "rainbow")
importFrom("graphics", "axis.Date", "par", "text")
importFrom("utils", "read.table")
to your NAMESPACE file.
Flavors: r-devel-linux-x86_64-debian-clang, r-devel-linux-x86_64-debian-gcc, r-devel-linux-x86_64-fedora-clang, r-devel-linux-x86_64-fedora-gcc, r-devel-windows-x86_64, r-patched-linux-x86_64, r-release-linux-x86_64, r-release-macos-arm64, r-release-macos-x86_64, r-release-windows-x86_64, r-oldrel-macos-arm64, r-oldrel-macos-x86_64, r-oldrel-windows-ix86+x86_64