Last updated on 2022-06-14 11:49:08 CEST.
Flavor | Version | Tinstall | Tcheck | Ttotal | Status | Flags |
---|---|---|---|---|---|---|
r-devel-linux-x86_64-debian-clang | 1.2.0 | 3.43 | 41.30 | 44.73 | NOTE | |
r-devel-linux-x86_64-debian-gcc | 1.2.0 | 2.70 | 32.39 | 35.09 | NOTE | |
r-devel-linux-x86_64-fedora-clang | 1.2.0 | 56.10 | NOTE | |||
r-devel-linux-x86_64-fedora-gcc | 1.2.0 | 54.99 | NOTE | |||
r-devel-windows-x86_64 | 1.2.0 | 21.00 | 56.00 | 77.00 | NOTE | |
r-patched-linux-x86_64 | 1.2.0 | 3.98 | 38.67 | 42.65 | NOTE | |
r-release-linux-x86_64 | 1.2.0 | 3.16 | 40.07 | 43.23 | NOTE | |
r-release-macos-arm64 | 1.2.0 | 18.00 | NOTE | |||
r-release-macos-x86_64 | 1.2.0 | 25.00 | NOTE | |||
r-release-windows-x86_64 | 1.2.0 | 10.00 | 54.00 | 64.00 | NOTE | |
r-oldrel-macos-arm64 | 1.2.0 | 23.00 | NOTE | |||
r-oldrel-macos-x86_64 | 1.2.0 | 34.00 | NOTE | |||
r-oldrel-windows-ix86+x86_64 | 1.2.0 | 9.00 | 36.00 | 45.00 | NOTE |
Version: 1.2.0
Check: dependencies in R code
Result: NOTE
Package in Depends field not imported from: 'methods'
These packages need to be imported from (in the NAMESPACE file)
for when this namespace is loaded but not attached.
Flavors: r-devel-linux-x86_64-debian-clang, r-devel-linux-x86_64-debian-gcc, r-devel-linux-x86_64-fedora-clang, r-devel-linux-x86_64-fedora-gcc, r-devel-windows-x86_64, r-patched-linux-x86_64, r-release-linux-x86_64, r-release-macos-arm64, r-release-macos-x86_64, r-release-windows-x86_64, r-oldrel-macos-arm64, r-oldrel-macos-x86_64, r-oldrel-windows-ix86+x86_64
Version: 1.2.0
Check: R code for possible problems
Result: NOTE
func.constructRegressionFormula: no visible global function definition
for 'as.formula'
func.crossValidationAnalysis: no visible global function definition for
'glm'
func.crossValidationAnalysis: no visible global function definition for
'predict'
func.crossValidationAnalysis: no visible global function definition for
'write.table'
func.externalValidationAnalysis: no visible global function definition
for 'predict'
func.externalValidationAnalysis: no visible global function definition
for 'write.table'
func.linearRegressionAnalysis: no visible global function definition
for 'glm'
func.linearRegressionAnalysis: no visible global function definition
for 'predict'
func.linearRegressionAnalysis: no visible global function definition
for 'write.table'
func.sortDataColumns: no visible global function definition for
'write.table'
mainfunc.q2: no visible global function definition for 'write.table'
mainfunc.q2: no visible global function definition for 'new'
mainfunc.stats: no visible global function definition for 'write.table'
mainfunc.stats: no visible global function definition for 'new'
Undefined global functions or variables:
as.formula glm new predict write.table
Consider adding
importFrom("methods", "new")
importFrom("stats", "as.formula", "glm", "predict")
importFrom("utils", "write.table")
to your NAMESPACE file (and ensure that your DESCRIPTION Imports field
contains 'methods').
Flavors: r-devel-linux-x86_64-debian-clang, r-devel-linux-x86_64-debian-gcc, r-devel-linux-x86_64-fedora-clang, r-devel-linux-x86_64-fedora-gcc, r-devel-windows-x86_64, r-patched-linux-x86_64, r-release-linux-x86_64, r-release-macos-arm64, r-release-macos-x86_64, r-release-windows-x86_64, r-oldrel-macos-arm64, r-oldrel-macos-x86_64, r-oldrel-windows-ix86+x86_64