Last updated on 2022-06-14 11:49:08 CEST.
Flavor | Version | Tinstall | Tcheck | Ttotal | Status | Flags |
---|---|---|---|---|---|---|
r-devel-linux-x86_64-debian-clang | 1.6 | 2.98 | 44.01 | 46.99 | NOTE | |
r-devel-linux-x86_64-debian-gcc | 1.6 | 1.99 | 34.37 | 36.36 | NOTE | |
r-devel-linux-x86_64-fedora-clang | 1.6 | 57.72 | NOTE | |||
r-devel-linux-x86_64-fedora-gcc | 1.6 | 55.87 | NOTE | |||
r-devel-windows-x86_64 | 1.6 | 86.00 | 68.00 | 154.00 | NOTE | |
r-patched-linux-x86_64 | 1.6 | 3.98 | 41.99 | 45.97 | NOTE | |
r-release-linux-x86_64 | 1.6 | 2.30 | 41.85 | 44.15 | NOTE | |
r-release-macos-arm64 | 1.6 | 22.00 | NOTE | |||
r-release-macos-x86_64 | 1.6 | 28.00 | NOTE | |||
r-release-windows-x86_64 | 1.6 | 12.00 | 63.00 | 75.00 | NOTE | |
r-oldrel-macos-arm64 | 1.6 | 27.00 | NOTE | |||
r-oldrel-macos-x86_64 | 1.6 | 40.00 | NOTE | |||
r-oldrel-windows-ix86+x86_64 | 1.6 | 6.00 | 40.00 | 46.00 | NOTE |
Version: 1.6
Check: R code for possible problems
Result: NOTE
le.pesquisa: no visible global function definition for 'txtProgressBar'
le.pesquisa: no visible global function definition for 'type.convert'
le.pesquisa: no visible global function definition for
'setTxtProgressBar'
Undefined global functions or variables:
setTxtProgressBar txtProgressBar type.convert
Consider adding
importFrom("utils", "setTxtProgressBar", "txtProgressBar",
"type.convert")
to your NAMESPACE file.
Flavors: r-devel-linux-x86_64-debian-clang, r-devel-linux-x86_64-debian-gcc, r-devel-linux-x86_64-fedora-clang, r-devel-linux-x86_64-fedora-gcc, r-devel-windows-x86_64, r-patched-linux-x86_64, r-release-linux-x86_64, r-release-macos-arm64, r-release-macos-x86_64, r-release-windows-x86_64, r-oldrel-macos-arm64, r-oldrel-macos-x86_64, r-oldrel-windows-ix86+x86_64
Version: 1.6
Check: data for non-ASCII characters
Result: NOTE
Note: found 2297 marked UTF-8 strings
Flavors: r-devel-linux-x86_64-fedora-clang, r-devel-linux-x86_64-fedora-gcc, r-release-macos-arm64, r-release-macos-x86_64, r-oldrel-macos-arm64, r-oldrel-macos-x86_64