Last updated on 2022-06-14 19:54:23 CEST.
Flavor | Version | Tinstall | Tcheck | Ttotal | Status | Flags |
---|---|---|---|---|---|---|
r-devel-linux-x86_64-fedora-clang | 1.4.2 | 182.11 | ERROR | |||
r-devel-linux-x86_64-fedora-gcc | 1.4.2 | 174.72 | ERROR |
Version: 1.4.2
Check: re-building of vignette outputs
Result: ERROR
Error(s) in re-building vignettes:
--- re-building ‘bhav.Rmd’ using rmarkdown
--- finished re-building ‘bhav.Rmd’
--- re-building ‘bhavfos.Rmd’ using rmarkdown
--- finished re-building ‘bhavfos.Rmd’
--- re-building ‘bhavpr.Rmd’ using rmarkdown
--- finished re-building ‘bhavpr.Rmd’
--- re-building ‘bhavs.Rmd’ using rmarkdown
--- finished re-building ‘bhavs.Rmd’
--- re-building ‘bhavtoday.Rmd’ using rmarkdown
--- finished re-building ‘bhavtoday.Rmd’
--- re-building ‘dailydata.Rmd’ using rmarkdown
--- finished re-building ‘dailydata.Rmd’
--- re-building ‘daytomonth.Rmd’ using rmarkdown
--- finished re-building ‘daytomonth.Rmd’
--- re-building ‘daytoweek.Rmd’ using rmarkdown
--- finished re-building ‘daytoweek.Rmd’
--- re-building ‘fdii.Rmd’ using rmarkdown
--- finished re-building ‘fdii.Rmd’
--- re-building ‘fobhav.Rmd’ using rmarkdown
trying URL 'https://archives.nseindia.com/content/historical/DERIVATIVES/2021/JUL/fo01JUL2021bhav.csv.zip'
Content type 'application/zip' length 593613 bytes (579 KB)
==================================================
downloaded 579 KB
--- finished re-building ‘fobhav.Rmd’
--- re-building ‘fobhavtoday.Rmd’ using rmarkdown
--- finished re-building ‘fobhavtoday.Rmd’
--- re-building ‘nseindex.Rmd’ using rmarkdown
Quitting from lines 22-24 (nseindex.Rmd)
Error: processing vignette 'nseindex.Rmd' failed with diagnostics:
SSL: no alternative certificate subject name matches target host name 'www1.nseindia.com'
--- failed re-building ‘nseindex.Rmd’
--- re-building ‘nseipo.Rmd’ using rmarkdown
--- finished re-building ‘nseipo.Rmd’
--- re-building ‘nselive.Rmd’ using rmarkdown
--- finished re-building ‘nselive.Rmd’
--- re-building ‘nseopen.Rmd’ using rmarkdown
--- finished re-building ‘nseopen.Rmd’
--- re-building ‘nsetree.Rmd’ using rmarkdown
--- finished re-building ‘nsetree.Rmd’
SUMMARY: processing the following file failed:
‘nseindex.Rmd’
Error: Vignette re-building failed.
Execution halted
Flavors: r-devel-linux-x86_64-fedora-clang, r-devel-linux-x86_64-fedora-gcc