Last updated on 2022-06-14 11:49:18 CEST.
| Flavor | Version | Tinstall | Tcheck | Ttotal | Status | Flags | 
|---|---|---|---|---|---|---|
| r-devel-linux-x86_64-debian-clang | 0.1.17 | 5.20 | 47.99 | 53.19 | NOTE | |
| r-devel-linux-x86_64-debian-gcc | 0.1.17 | 4.09 | 36.80 | 40.89 | NOTE | |
| r-devel-linux-x86_64-fedora-clang | 0.1.17 | 63.93 | NOTE | |||
| r-devel-linux-x86_64-fedora-gcc | 0.1.17 | 64.15 | NOTE | |||
| r-devel-windows-x86_64 | 0.1.17 | 31.00 | 64.00 | 95.00 | NOTE | |
| r-patched-linux-x86_64 | 0.1.17 | 4.67 | 46.06 | 50.73 | NOTE | |
| r-release-linux-x86_64 | 0.1.17 | 3.81 | 45.47 | 49.28 | NOTE | |
| r-release-macos-arm64 | 0.1.17 | 20.00 | NOTE | |||
| r-release-macos-x86_64 | 0.1.17 | 28.00 | NOTE | |||
| r-release-windows-x86_64 | 0.1.17 | 24.00 | 62.00 | 86.00 | NOTE | |
| r-oldrel-macos-arm64 | 0.1.17 | 26.00 | NOTE | |||
| r-oldrel-macos-x86_64 | 0.1.17 | 40.00 | NOTE | |||
| r-oldrel-windows-ix86+x86_64 | 0.1.17 | 9.00 | 59.00 | 68.00 | NOTE | 
Version: 0.1.17
Check: package dependencies
Result: NOTE
    Package suggested but not available for checking: 'plspm'
Flavors: r-devel-linux-x86_64-debian-clang, r-devel-linux-x86_64-debian-gcc, r-devel-linux-x86_64-fedora-clang, r-devel-linux-x86_64-fedora-gcc, r-devel-windows-x86_64, r-patched-linux-x86_64, r-release-linux-x86_64, r-release-macos-arm64, r-release-macos-x86_64, r-release-windows-x86_64, r-oldrel-macos-arm64, r-oldrel-macos-x86_64
Version: 0.1.17
Check: R code for possible problems
Result: NOTE
    interbat: no visible global function definition for 'cor'
    interbat: no visible binding for global variable 'var'
    interbat: no visible global function definition for 'pchisq'
    nipals: no visible global function definition for 'complete.cases'
    nipals: no visible global function definition for 'cor'
    plot.interbat: no visible global function definition for 'par'
    plot.interbat: no visible global function definition for 'plot.new'
    plot.interbat: no visible global function definition for 'plot.window'
    plot.interbat: no visible global function definition for 'axis'
    plot.interbat: no visible global function definition for 'mtext'
    plot.interbat: no visible global function definition for 'box'
    plot.interbat: no visible global function definition for 'abline'
    plot.interbat: no visible global function definition for 'lines'
    plot.interbat: no visible global function definition for 'segments'
    plot.interbat: no visible global function definition for 'arrows'
    plot.interbat: no visible global function definition for 'text'
    plot.interbat: no visible global function definition for 'points'
    plot.nipals: no visible global function definition for 'par'
    plot.nipals: no visible global function definition for 'plot.new'
    plot.nipals: no visible global function definition for 'plot.window'
    plot.nipals: no visible global function definition for 'axis'
    plot.nipals: no visible global function definition for 'mtext'
    plot.nipals: no visible global function definition for 'box'
    plot.nipals: no visible global function definition for 'abline'
    plot.nipals: no visible global function definition for 'lines'
    plot.nipals: no visible global function definition for 'segments'
    plot.nipals: no visible global function definition for 'arrows'
    plot.nipals: no visible global function definition for 'text'
    plot.nipals: no visible global function definition for 'points'
    plot.plsca: no visible global function definition for 'par'
    plot.plsca: no visible global function definition for 'plot.new'
    plot.plsca: no visible global function definition for 'plot.window'
    plot.plsca: no visible global function definition for 'axis'
    plot.plsca: no visible global function definition for 'mtext'
    plot.plsca: no visible global function definition for 'box'
    plot.plsca: no visible global function definition for 'abline'
    plot.plsca: no visible global function definition for 'lines'
    plot.plsca: no visible global function definition for 'segments'
    plot.plsca: no visible global function definition for 'arrows'
    plot.plsca: no visible global function definition for 'text'
    plot.plsca: no visible global function definition for 'points'
    plot.plsreg1: no visible global function definition for 'par'
    plot.plsreg1: no visible global function definition for 'plot.new'
    plot.plsreg1: no visible global function definition for 'plot.window'
    plot.plsreg1: no visible global function definition for 'axis'
    plot.plsreg1: no visible global function definition for 'mtext'
    plot.plsreg1: no visible global function definition for 'box'
    plot.plsreg1: no visible global function definition for 'abline'
    plot.plsreg1: no visible global function definition for 'lines'
    plot.plsreg1: no visible global function definition for 'segments'
    plot.plsreg1: no visible global function definition for 'arrows'
    plot.plsreg1: no visible global function definition for 'text'
    plot.plsreg1: no visible global function definition for 'points'
    plot.plsreg2: no visible global function definition for 'par'
    plot.plsreg2: no visible global function definition for 'plot.new'
    plot.plsreg2: no visible global function definition for 'plot.window'
    plot.plsreg2: no visible global function definition for 'axis'
    plot.plsreg2: no visible global function definition for 'mtext'
    plot.plsreg2: no visible global function definition for 'box'
    plot.plsreg2: no visible global function definition for 'abline'
    plot.plsreg2: no visible global function definition for 'lines'
    plot.plsreg2: no visible global function definition for 'segments'
    plot.plsreg2: no visible global function definition for 'arrows'
    plot.plsreg2: no visible global function definition for 'text'
    plot.plsreg2: no visible global function definition for 'points'
    plot.simpls: no visible global function definition for 'par'
    plot.simpls: no visible global function definition for 'plot.new'
    plot.simpls: no visible global function definition for 'plot.window'
    plot.simpls: no visible global function definition for 'axis'
    plot.simpls: no visible global function definition for 'mtext'
    plot.simpls: no visible global function definition for 'box'
    plot.simpls: no visible global function definition for 'abline'
    plot.simpls: no visible global function definition for 'lines'
    plot.simpls: no visible global function definition for 'segments'
    plot.simpls: no visible global function definition for 'arrows'
    plot.simpls: no visible global function definition for 'text'
    plot.simpls: no visible global function definition for 'points'
    plot.simplsca: no visible global function definition for 'par'
    plot.simplsca: no visible global function definition for 'plot.new'
    plot.simplsca: no visible global function definition for 'plot.window'
    plot.simplsca: no visible global function definition for 'axis'
    plot.simplsca: no visible global function definition for 'mtext'
    plot.simplsca: no visible global function definition for 'box'
    plot.simplsca: no visible global function definition for 'abline'
    plot.simplsca: no visible global function definition for 'lines'
    plot.simplsca: no visible global function definition for 'segments'
    plot.simplsca: no visible global function definition for 'arrows'
    plot.simplsca: no visible global function definition for 'text'
    plot.simplsca: no visible global function definition for 'points'
    plsca: no visible global function definition for 'cor'
    plsreg1: no visible global function definition for 'complete.cases'
    plsreg1: no visible global function definition for 'qf'
    plsreg1: no visible binding for global variable 'sd'
    plsreg1: no visible global function definition for 'cor'
    plsreg2: no visible binding for global variable 'sd'
    plsreg2: no visible global function definition for 'cor'
    simpls: no visible global function definition for 'cor'
    simplsca: no visible global function definition for 'cor'
    Undefined global functions or variables:
      abline arrows axis box complete.cases cor lines mtext par pchisq
      plot.new plot.window points qf sd segments text var
    Consider adding
      importFrom("graphics", "abline", "arrows", "axis", "box", "lines",
                 "mtext", "par", "plot.new", "plot.window", "points",
                 "segments", "text")
      importFrom("stats", "complete.cases", "cor", "pchisq", "qf", "sd",
                 "var")
    to your NAMESPACE file.
Flavors: r-devel-linux-x86_64-debian-clang, r-devel-linux-x86_64-debian-gcc, r-devel-linux-x86_64-fedora-clang, r-devel-linux-x86_64-fedora-gcc, r-devel-windows-x86_64, r-patched-linux-x86_64, r-release-linux-x86_64, r-release-macos-arm64, r-release-macos-x86_64, r-release-windows-x86_64, r-oldrel-macos-arm64, r-oldrel-macos-x86_64, r-oldrel-windows-ix86+x86_64