Last updated on 2022-06-14 11:49:25 CEST.
| Flavor | Version | Tinstall | Tcheck | Ttotal | Status | Flags | 
|---|---|---|---|---|---|---|
| r-devel-linux-x86_64-debian-clang | 1.0 | 2.04 | 29.61 | 31.65 | NOTE | |
| r-devel-linux-x86_64-debian-gcc | 1.0 | 1.43 | 23.45 | 24.88 | NOTE | |
| r-devel-linux-x86_64-fedora-clang | 1.0 | 39.60 | NOTE | |||
| r-devel-linux-x86_64-fedora-gcc | 1.0 | 38.26 | NOTE | |||
| r-devel-windows-x86_64 | 1.0 | 8.00 | 46.00 | 54.00 | NOTE | |
| r-patched-linux-x86_64 | 1.0 | 1.76 | 28.96 | 30.72 | NOTE | |
| r-release-linux-x86_64 | 1.0 | 1.73 | 29.15 | 30.88 | NOTE | |
| r-release-macos-arm64 | 1.0 | 14.00 | NOTE | |||
| r-release-macos-x86_64 | 1.0 | 19.00 | NOTE | |||
| r-release-windows-x86_64 | 1.0 | 6.00 | 45.00 | 51.00 | NOTE | |
| r-oldrel-macos-arm64 | 1.0 | 15.00 | NOTE | |||
| r-oldrel-macos-x86_64 | 1.0 | 22.00 | NOTE | |||
| r-oldrel-windows-ix86+x86_64 | 1.0 | 4.00 | 28.00 | 32.00 | NOTE | 
Version: 1.0
Check: DESCRIPTION meta-information
Result: NOTE
    Malformed Description field: should contain one or more complete sentences.
Flavors: r-devel-linux-x86_64-debian-clang, r-devel-linux-x86_64-debian-gcc, r-devel-linux-x86_64-fedora-clang, r-devel-linux-x86_64-fedora-gcc, r-devel-windows-x86_64, r-patched-linux-x86_64, r-release-linux-x86_64, r-release-macos-arm64, r-release-macos-x86_64, r-release-windows-x86_64, r-oldrel-macos-arm64, r-oldrel-macos-x86_64, r-oldrel-windows-ix86+x86_64
Version: 1.0
Check: R code for possible problems
Result: NOTE
    Tosls.formula: no visible global function definition for 'model.matrix'
    Tosls.formula: no visible global function definition for
      'model.response'
    summary: no visible global function definition for 'coef'
    summary: no visible global function definition for 'pt'
    Undefined global functions or variables:
      coef model.matrix model.response pt
    Consider adding
      importFrom("stats", "coef", "model.matrix", "model.response", "pt")
    to your NAMESPACE file.
Flavors: r-devel-linux-x86_64-debian-clang, r-devel-linux-x86_64-debian-gcc, r-devel-linux-x86_64-fedora-clang, r-devel-linux-x86_64-fedora-gcc, r-devel-windows-x86_64, r-patched-linux-x86_64, r-release-linux-x86_64, r-release-macos-arm64, r-release-macos-x86_64, r-release-windows-x86_64, r-oldrel-macos-arm64, r-oldrel-macos-x86_64, r-oldrel-windows-ix86+x86_64