Last updated on 2022-06-15 07:52:00 CEST.
Flavor | Version | Tinstall | Tcheck | Ttotal | Status | Flags |
---|---|---|---|---|---|---|
r-devel-linux-x86_64-debian-clang | 0.1 | 2.36 | 30.94 | 33.30 | NOTE | |
r-devel-linux-x86_64-debian-gcc | 0.1 | 1.75 | 24.59 | 26.34 | NOTE | |
r-devel-linux-x86_64-fedora-clang | 0.1 | 40.52 | NOTE | |||
r-devel-linux-x86_64-fedora-gcc | 0.1 | 39.70 | NOTE | |||
r-devel-windows-x86_64 | 0.1 | 11.00 | 48.00 | 59.00 | NOTE | |
r-patched-linux-x86_64 | 0.1 | 2.38 | 30.81 | 33.19 | NOTE | |
r-release-linux-x86_64 | 0.1 | 2.20 | 30.85 | 33.05 | NOTE | |
r-release-macos-arm64 | 0.1 | 16.00 | NOTE | |||
r-release-macos-x86_64 | 0.1 | 21.00 | NOTE | |||
r-release-windows-x86_64 | 0.1 | 5.00 | 47.00 | 52.00 | NOTE | |
r-oldrel-macos-arm64 | 0.1 | 19.00 | NOTE | |||
r-oldrel-macos-x86_64 | 0.1 | 26.00 | NOTE | |||
r-oldrel-windows-ix86+x86_64 | 0.1 | 4.00 | 28.00 | 32.00 | NOTE |
Version: 0.1
Check: R code for possible problems
Result: NOTE
select_lambda: no visible global function definition for 'median'
Undefined global functions or variables:
median
Consider adding
importFrom("stats", "median")
to your NAMESPACE file.
Flavors: r-devel-linux-x86_64-debian-clang, r-devel-linux-x86_64-debian-gcc, r-devel-linux-x86_64-fedora-clang, r-devel-linux-x86_64-fedora-gcc, r-devel-windows-x86_64, r-patched-linux-x86_64, r-release-linux-x86_64, r-release-macos-arm64, r-release-macos-x86_64, r-release-windows-x86_64, r-oldrel-macos-arm64, r-oldrel-macos-x86_64, r-oldrel-windows-ix86+x86_64
Version: 0.1
Check: LazyData
Result: NOTE
'LazyData' is specified without a 'data' directory
Flavors: r-devel-linux-x86_64-debian-clang, r-devel-linux-x86_64-debian-gcc, r-devel-linux-x86_64-fedora-clang, r-devel-linux-x86_64-fedora-gcc, r-devel-windows-x86_64, r-patched-linux-x86_64, r-release-linux-x86_64, r-release-macos-arm64, r-release-macos-x86_64, r-release-windows-x86_64, r-oldrel-macos-arm64, r-oldrel-macos-x86_64, r-oldrel-windows-ix86+x86_64