Last updated on 2022-06-15 07:52:06 CEST.
| Flavor | Version | Tinstall | Tcheck | Ttotal | Status | Flags | 
|---|---|---|---|---|---|---|
| r-devel-linux-x86_64-debian-clang | 0.1 | 3.53 | 48.36 | 51.89 | NOTE | |
| r-devel-linux-x86_64-debian-gcc | 0.1 | 2.42 | 36.89 | 39.31 | NOTE | |
| r-devel-linux-x86_64-fedora-clang | 0.1 | 61.42 | NOTE | |||
| r-devel-linux-x86_64-fedora-gcc | 0.1 | 60.26 | NOTE | |||
| r-devel-windows-x86_64 | 0.1 | 12.00 | 68.00 | 80.00 | NOTE | |
| r-patched-linux-x86_64 | 0.1 | 3.07 | 46.94 | 50.01 | NOTE | |
| r-release-linux-x86_64 | 0.1 | 2.56 | 45.60 | 48.16 | NOTE | |
| r-release-macos-arm64 | 0.1 | 24.00 | NOTE | |||
| r-release-macos-x86_64 | 0.1 | 30.00 | NOTE | |||
| r-release-windows-x86_64 | 0.1 | 15.00 | 69.00 | 84.00 | NOTE | |
| r-oldrel-macos-arm64 | 0.1 | 31.00 | NOTE | |||
| r-oldrel-macos-x86_64 | 0.1 | 37.00 | NOTE | |||
| r-oldrel-windows-ix86+x86_64 | 0.1 | 7.00 | 53.00 | 60.00 | NOTE | 
Version: 0.1
Check: R code for possible problems
Result: NOTE
    extract_hazus_functions: no visible global function definition for
      'data'
    Undefined global functions or variables:
      data
    Consider adding
      importFrom("utils", "data")
    to your NAMESPACE file.
Flavors: r-devel-linux-x86_64-debian-clang, r-devel-linux-x86_64-debian-gcc, r-devel-linux-x86_64-fedora-clang, r-devel-linux-x86_64-fedora-gcc, r-devel-windows-x86_64, r-patched-linux-x86_64, r-release-linux-x86_64, r-release-macos-arm64, r-release-macos-x86_64, r-release-windows-x86_64, r-oldrel-macos-arm64, r-oldrel-macos-x86_64, r-oldrel-windows-ix86+x86_64