Last updated on 2022-06-15 07:52:10 CEST.
Flavor | Version | Tinstall | Tcheck | Ttotal | Status | Flags |
---|---|---|---|---|---|---|
r-devel-linux-x86_64-debian-clang | 2.1 | 10.01 | 68.37 | 78.38 | NOTE | |
r-devel-linux-x86_64-debian-gcc | 2.1 | 6.31 | 51.46 | 57.77 | NOTE | |
r-devel-linux-x86_64-fedora-clang | 2.1 | 90.11 | NOTE | |||
r-devel-linux-x86_64-fedora-gcc | 2.1 | 89.15 | NOTE | |||
r-devel-windows-x86_64 | 2.1 | 19.00 | 86.00 | 105.00 | NOTE | |
r-patched-linux-x86_64 | 2.1 | 8.74 | 64.01 | 72.75 | NOTE | |
r-release-linux-x86_64 | 2.1 | 8.51 | 64.88 | 73.39 | NOTE | |
r-release-macos-arm64 | 2.1 | 24.00 | NOTE | |||
r-release-macos-x86_64 | 2.1 | 36.00 | NOTE | |||
r-release-windows-x86_64 | 2.1 | 22.00 | 80.00 | 102.00 | NOTE | |
r-oldrel-macos-arm64 | 2.1 | 28.00 | NOTE | |||
r-oldrel-macos-x86_64 | 2.1 | 43.00 | NOTE | |||
r-oldrel-windows-ix86+x86_64 | 2.1 | 15.00 | 75.00 | 90.00 | NOTE |
Version: 2.1
Check: dependencies in R code
Result: NOTE
'library' or 'require' call to 'MASS' which was already attached by Depends.
Please remove these calls from your code.
Flavors: r-devel-linux-x86_64-debian-clang, r-devel-linux-x86_64-debian-gcc, r-devel-linux-x86_64-fedora-clang, r-devel-linux-x86_64-fedora-gcc, r-devel-windows-x86_64, r-patched-linux-x86_64, r-release-linux-x86_64, r-release-macos-arm64, r-release-macos-x86_64, r-release-windows-x86_64, r-oldrel-macos-arm64, r-oldrel-macos-x86_64, r-oldrel-windows-ix86+x86_64
Version: 2.1
Check: R code for possible problems
Result: NOTE
f1.ld.f1 : case2x2: no visible global function definition for 'pnorm'
f1.ld.f1 : case2x2: no visible global function definition for 'pt'
f1.ld.f1 : wald.test: no visible global function definition for
'pchisq'
f1.ld.f1 : anova.test: no visible global function definition for
'pchisq'
f1.ld.f1 : anova.test: no visible global function definition for 'pf'
f1.ld.f1 : simple.time.test: no visible global function definition for
'pchisq'
f1.ld.f1 : simple.time.test: no visible global function definition for
'pnorm'
f1.ld.f1 : simple.time.test: no visible global function definition for
'pt'
f1.ld.f1 : pair.comp.test: no visible global function definition for
'pnorm'
f1.ld.f1 : pair.comp.test: no visible global function definition for
'pt'
f1.ld.f1 : pattern.group: no visible global function definition for
'pt'
f1.ld.f1 : pattern.group: no visible global function definition for
'pnorm'
f1.ld.f1: no visible global function definition for 'axis'
f1.ld.f1: no visible global function definition for 'points'
f1.ld.f1: no visible global function definition for 'legend'
f1.ld.f1: no visible global function definition for 'title'
f1.ld.f2: no visible global function definition for 'pchisq'
f1.ld.f2: no visible global function definition for 'pf'
f1.ld.f2: no visible global function definition for 'par'
f1.ld.f2: no visible global function definition for 'title'
f1.ld.f2: no visible global function definition for 'points'
f1.ld.f2: no visible global function definition for 'axis'
f1.ld.f2: no visible global function definition for 'legend'
f2.ld.f1: no visible global function definition for 'pchisq'
f2.ld.f1: no visible global function definition for 'pf'
f2.ld.f1: no visible global function definition for 'par'
f2.ld.f1: no visible global function definition for 'title'
f2.ld.f1: no visible global function definition for 'points'
f2.ld.f1: no visible global function definition for 'axis'
f2.ld.f1: no visible global function definition for 'legend'
ld.ci: no visible global function definition for 'qnorm'
ld.f1: no visible global function definition for 'pchisq'
ld.f1: no visible global function definition for 'pf'
ld.f1: no visible global function definition for 'pnorm'
ld.f1: no visible global function definition for 'pt'
ld.f1: no visible global function definition for 'axis'
ld.f1: no visible global function definition for 'title'
ld.f2: no visible global function definition for 'pchisq'
ld.f2: no visible global function definition for 'pf'
ld.f2: no visible global function definition for 'points'
ld.f2: no visible global function definition for 'axis'
ld.f2: no visible global function definition for 'legend'
ld.f2: no visible global function definition for 'title'
nparLD: no visible global function definition for 'model.frame'
nparLD: no visible global function definition for 'points'
nparLD: no visible global function definition for 'axis'
nparLD: no visible global function definition for 'title'
nparLD: no visible global function definition for 'legend'
nparLD: no visible global function definition for 'par'
Undefined global functions or variables:
axis legend model.frame par pchisq pf pnorm points pt qnorm title
Consider adding
importFrom("graphics", "axis", "legend", "par", "points", "title")
importFrom("stats", "model.frame", "pchisq", "pf", "pnorm", "pt",
"qnorm")
to your NAMESPACE file.
Flavors: r-devel-linux-x86_64-debian-clang, r-devel-linux-x86_64-debian-gcc, r-devel-linux-x86_64-fedora-clang, r-devel-linux-x86_64-fedora-gcc, r-devel-windows-x86_64, r-patched-linux-x86_64, r-release-linux-x86_64, r-release-macos-arm64, r-release-macos-x86_64, r-release-windows-x86_64, r-oldrel-macos-arm64, r-oldrel-macos-x86_64, r-oldrel-windows-ix86+x86_64