Last updated on 2022-06-15 07:52:18 CEST.
Flavor | Version | Tinstall | Tcheck | Ttotal | Status | Flags |
---|---|---|---|---|---|---|
r-devel-linux-x86_64-debian-clang | 0.1.6 | 54.34 | 41.38 | 95.72 | OK | |
r-devel-linux-x86_64-debian-gcc | 0.1.6 | 44.75 | 32.22 | 76.97 | OK | |
r-devel-linux-x86_64-fedora-clang | 0.1.6 | 137.73 | OK | |||
r-devel-linux-x86_64-fedora-gcc | 0.1.6 | 127.26 | OK | |||
r-devel-windows-x86_64 | 0.1.6 | 48.00 | 77.00 | 125.00 | OK | |
r-patched-linux-x86_64 | 0.1.6 | 51.59 | 39.88 | 91.47 | OK | |
r-release-linux-x86_64 | 0.1.6 | 45.90 | 39.11 | 85.01 | OK | |
r-release-macos-arm64 | 0.1.6 | 14.00 | ERROR | |||
r-release-macos-x86_64 | 0.1.6 | 14.00 | ERROR | |||
r-release-windows-x86_64 | 0.1.6 | 52.00 | 79.00 | 131.00 | OK | |
r-oldrel-macos-arm64 | 0.1.6 | 15.00 | ERROR | |||
r-oldrel-macos-x86_64 | 0.1.6 | 15.00 | ERROR | |||
r-oldrel-windows-ix86+x86_64 | 0.1.6 | 131.00 | 79.00 | 210.00 | OK |
Version: 0.1.6
Check: whether package can be installed
Result: ERROR
Installation failed.
Flavors: r-release-macos-arm64, r-release-macos-x86_64, r-oldrel-macos-arm64, r-oldrel-macos-x86_64