Last updated on 2022-06-20 11:51:51 CEST.
Flavor | Version | Tinstall | Tcheck | Ttotal | Status | Flags |
---|---|---|---|---|---|---|
r-devel-linux-x86_64-debian-clang | 2.0 | 12.43 | 65.69 | 78.12 | NOTE | |
r-devel-linux-x86_64-debian-gcc | 2.0 | 11.72 | 47.75 | 59.47 | NOTE | |
r-devel-linux-x86_64-fedora-clang | 2.0 | 103.86 | NOTE | |||
r-devel-linux-x86_64-fedora-gcc | 2.0 | 100.77 | NOTE | |||
r-devel-windows-x86_64 | 2.0 | 22.00 | 77.00 | 99.00 | NOTE | |
r-patched-linux-x86_64 | 2.0 | 12.33 | 63.61 | 75.94 | NOTE | |
r-release-linux-x86_64 | 2.0 | 14.68 | 61.68 | 76.36 | NOTE | |
r-release-macos-arm64 | 2.0 | 25.00 | NOTE | |||
r-release-macos-x86_64 | 2.0 | 37.00 | NOTE | |||
r-release-windows-x86_64 | 2.0 | 19.00 | 75.00 | 94.00 | NOTE | |
r-oldrel-macos-arm64 | 2.0 | 30.00 | NOTE | |||
r-oldrel-macos-x86_64 | 2.0 | 57.00 | NOTE | |||
r-oldrel-windows-ix86+x86_64 | 2.0 | 23.00 | 68.00 | 91.00 | NOTE |
Version: 2.0
Check: R code for possible problems
Result: NOTE
Profile.like.CI: no visible global function definition for 'nlm'
TypeI.error: no visible global function definition for 'quantile'
TypeI.error: no visible global function definition for 'median'
TypeI.error: no visible global function definition for 'write.table'
bootstrap.test: no visible global function definition for
'txtProgressBar'
bootstrap.test: no visible global function definition for
'setTxtProgressBar'
bootstrap.test: no visible global function definition for
'complete.cases'
bootstrap.test: no visible global function definition for 'median'
bootstrap.test: no visible global function definition for 'quantile'
expectation.gradient: no visible global function definition for 'qnorm'
expectation.gradient: no visible global function definition for 'lines'
expectation.time: no visible global function definition for 'qnorm'
expectation.time: no visible global function definition for 'lines'
find.mle.sister: no visible global function definition for 'nlm'
parameter.reestimation: no visible global function definition for
'median'
parameter.reestimation: no visible global function definition for
'quantile'
parameter.reestimation: no visible global function definition for 'sd'
plotGradient.ci: no visible global function definition for 'quantile'
plotGradient.ci: no visible global function definition for 'lines'
power.test: no visible global function definition for 'write.table'
sim.sisters: no visible global function definition for 'rnorm'
sisterContinuous: no visible global function definition for 'dnorm'
sisterContinuous_logSpace: no visible global function definition for
'dnorm'
sisterContinuous_logSpace_profile_CI: no visible global function
definition for 'dnorm'
Undefined global functions or variables:
complete.cases dnorm lines median nlm qnorm quantile rnorm sd
setTxtProgressBar txtProgressBar write.table
Consider adding
importFrom("graphics", "lines")
importFrom("stats", "complete.cases", "dnorm", "median", "nlm",
"qnorm", "quantile", "rnorm", "sd")
importFrom("utils", "setTxtProgressBar", "txtProgressBar",
"write.table")
to your NAMESPACE file.
Flavors: r-devel-linux-x86_64-debian-clang, r-devel-linux-x86_64-debian-gcc, r-devel-linux-x86_64-fedora-clang, r-devel-linux-x86_64-fedora-gcc, r-devel-windows-x86_64, r-patched-linux-x86_64, r-release-linux-x86_64, r-release-macos-arm64, r-release-macos-x86_64, r-release-windows-x86_64, r-oldrel-macos-arm64, r-oldrel-macos-x86_64, r-oldrel-windows-ix86+x86_64