Last updated on 2022-06-20 14:51:30 CEST.
Flavor | Version | Tinstall | Tcheck | Ttotal | Status | Flags |
---|---|---|---|---|---|---|
r-devel-linux-x86_64-debian-clang | 0.1-1 | 10.33 | 92.43 | 102.76 | NOTE | |
r-devel-linux-x86_64-debian-gcc | 0.1-1 | 8.22 | 69.51 | 77.73 | NOTE | |
r-devel-linux-x86_64-fedora-clang | 0.1-1 | 145.94 | NOTE | |||
r-devel-linux-x86_64-fedora-gcc | 0.1-1 | 129.17 | NOTE | |||
r-devel-windows-x86_64 | 0.1-1 | 16.00 | 109.00 | 125.00 | NOTE | |
r-patched-linux-x86_64 | 0.1-1 | 14.62 | 87.51 | 102.13 | NOTE | |
r-release-linux-x86_64 | 0.1-1 | 7.02 | 86.98 | 94.00 | NOTE | |
r-release-macos-arm64 | 0.1-1 | 39.00 | NOTE | |||
r-release-macos-x86_64 | 0.1-1 | 63.00 | NOTE | |||
r-release-windows-x86_64 | 0.1-1 | 17.00 | 108.00 | 125.00 | NOTE | |
r-oldrel-macos-arm64 | 0.1-1 | 42.00 | NOTE | |||
r-oldrel-macos-x86_64 | 0.1-1 | 62.00 | NOTE | |||
r-oldrel-windows-ix86+x86_64 | 0.1-1 | 21.00 | 112.00 | 133.00 | NOTE |
Version: 0.1-1
Check: R code for possible problems
Result: NOTE
fit.bivar: no visible binding for global variable 'binomial'
summary.fit.bivar: no visible global function definition for 'qt'
summary.fit.bivar: no visible global function definition for 'pt'
Undefined global functions or variables:
binomial pt qt
Consider adding
importFrom("stats", "binomial", "pt", "qt")
to your NAMESPACE file.
Flavors: r-devel-linux-x86_64-debian-clang, r-devel-linux-x86_64-debian-gcc, r-devel-linux-x86_64-fedora-clang, r-devel-linux-x86_64-fedora-gcc, r-devel-windows-x86_64, r-patched-linux-x86_64, r-release-linux-x86_64, r-release-macos-arm64, r-release-macos-x86_64, r-release-windows-x86_64, r-oldrel-macos-arm64, r-oldrel-macos-x86_64, r-oldrel-windows-ix86+x86_64