Last updated on 2022-06-20 14:51:31 CEST.
Flavor | Version | Tinstall | Tcheck | Ttotal | Status | Flags |
---|---|---|---|---|---|---|
r-devel-linux-x86_64-debian-clang | 1.0-3 | 3.39 | 42.88 | 46.27 | NOTE | |
r-devel-linux-x86_64-debian-gcc | 1.0-3 | 2.05 | 33.30 | 35.35 | NOTE | |
r-devel-linux-x86_64-fedora-clang | 1.0-3 | 70.79 | NOTE | |||
r-devel-linux-x86_64-fedora-gcc | 1.0-3 | 66.55 | NOTE | |||
r-devel-windows-x86_64 | 1.0-3 | 41.00 | 102.00 | 143.00 | NOTE | |
r-patched-linux-x86_64 | 1.0-3 | 3.65 | 41.00 | 44.65 | NOTE | |
r-release-linux-x86_64 | 1.0-3 | 3.48 | 41.51 | 44.99 | NOTE | |
r-release-macos-arm64 | 1.0-3 | 25.00 | NOTE | |||
r-release-macos-x86_64 | 1.0-3 | 35.00 | NOTE | |||
r-release-windows-x86_64 | 1.0-3 | 8.00 | 100.00 | 108.00 | NOTE | |
r-oldrel-macos-arm64 | 1.0-3 | 36.00 | NOTE | |||
r-oldrel-macos-x86_64 | 1.0-3 | 47.00 | NOTE | |||
r-oldrel-windows-ix86+x86_64 | 1.0-3 | 6.00 | 67.00 | 73.00 | NOTE |
Version: 1.0-3
Check: R code for possible problems
Result: NOTE
data_outline: no visible global function definition for 'var'
data_outline: no visible global function definition for 'sd'
data_outline: no visible global function definition for 'median'
data_outline: no visible global function definition for 'quantile'
interval_estimate1: no visible global function definition for 'qnorm'
interval_estimate1: no visible global function definition for 'sd'
interval_estimate1: no visible global function definition for 'qt'
interval_estimate2: no visible global function definition for 'qnorm'
interval_estimate2: no visible global function definition for 'var'
interval_estimate2: no visible global function definition for 'qt'
interval_estimate3: no visible global function definition for 'qnorm'
interval_estimate3: no visible global function definition for 'sd'
interval_estimate4: no visible global function definition for 'qnorm'
interval_estimate4: no visible global function definition for 'sd'
interval_estimate4: no visible global function definition for 'qt'
interval_estimate5: no visible global function definition for 'qnorm'
interval_estimate5: no visible global function definition for 'var'
interval_estimate5: no visible global function definition for 'qt'
interval_var1: no visible global function definition for 'var'
interval_var1: no visible global function definition for 'qchisq'
interval_var2: no visible global function definition for 'var'
interval_var2: no visible global function definition for 'qf'
interval_var3: no visible global function definition for 'var'
interval_var3: no visible global function definition for 'qchisq'
interval_var4: no visible global function definition for 'var'
interval_var4: no visible global function definition for 'qf'
mean_test1: no visible binding for global variable 'pnorm'
mean_test1: no visible global function definition for 'sd'
mean_test1: no visible binding for global variable 'pt'
mean_test2: no visible binding for global variable 'pnorm'
mean_test2: no visible global function definition for 'var'
mean_test2: no visible binding for global variable 'pt'
one_sample: no visible global function definition for 'quantile'
one_sample: no visible global function definition for 'shapiro.test'
one_sample: no visible global function definition for 'show'
one_sample: no visible global function definition for 'density'
one_sample: no visible global function definition for 'dnorm'
one_sample: no visible global function definition for 'sd'
one_sample: no visible global function definition for 'dev.new'
one_sample: no visible global function definition for 'hist'
one_sample: no visible global function definition for 'lines'
one_sample: no visible global function definition for 'legend'
one_sample: no visible global function definition for 'ecdf'
one_sample: no visible global function definition for 'pnorm'
one_sample: no visible global function definition for 'qqnorm'
one_sample: no visible global function definition for 'qqline'
one_sample: no visible global function definition for 't.test'
one_two_sample: no visible global function definition for
'graphics.off'
one_two_sample: no visible global function definition for
'shapiro.test'
one_two_sample: no visible global function definition for 'show'
one_two_sample: no visible global function definition for 't.test'
one_two_sample: no visible global function definition for 'var.test'
one_two_sample: no visible global function definition for 'ks.test'
one_two_sample: no visible global function definition for 'binom.test'
one_two_sample: no visible global function definition for 'wilcox.test'
one_two_sample: no visible global function definition for 'cor.test'
var_test1: no visible global function definition for 'var'
var_test1: no visible binding for global variable 'pchisq'
var_test2: no visible global function definition for 'var'
var_test2: no visible binding for global variable 'pf'
Undefined global functions or variables:
binom.test cor.test density dev.new dnorm ecdf graphics.off hist
ks.test legend lines median pchisq pf pnorm pt qchisq qf qnorm qqline
qqnorm qt quantile sd shapiro.test show t.test var var.test
wilcox.test
Consider adding
importFrom("grDevices", "dev.new", "graphics.off")
importFrom("graphics", "hist", "legend", "lines")
importFrom("methods", "show")
importFrom("stats", "binom.test", "cor.test", "density", "dnorm",
"ecdf", "ks.test", "median", "pchisq", "pf", "pnorm", "pt",
"qchisq", "qf", "qnorm", "qqline", "qqnorm", "qt",
"quantile", "sd", "shapiro.test", "t.test", "var",
"var.test", "wilcox.test")
to your NAMESPACE file (and ensure that your DESCRIPTION Imports field
contains 'methods').
Flavors: r-devel-linux-x86_64-debian-clang, r-devel-linux-x86_64-debian-gcc, r-devel-linux-x86_64-fedora-clang, r-devel-linux-x86_64-fedora-gcc, r-devel-windows-x86_64, r-patched-linux-x86_64, r-release-linux-x86_64, r-release-macos-arm64, r-release-macos-x86_64, r-release-windows-x86_64, r-oldrel-macos-arm64, r-oldrel-macos-x86_64, r-oldrel-windows-ix86+x86_64