Last updated on 2022-06-20 11:52:05 CEST.
Flavor | Version | Tinstall | Tcheck | Ttotal | Status | Flags |
---|---|---|---|---|---|---|
r-devel-linux-x86_64-debian-clang | 1.0 | 6.99 | 82.45 | 89.44 | NOTE | |
r-devel-linux-x86_64-debian-gcc | 1.0 | 5.22 | 56.12 | 61.34 | NOTE | |
r-devel-linux-x86_64-fedora-clang | 1.0 | 116.06 | NOTE | |||
r-devel-linux-x86_64-fedora-gcc | 1.0 | 113.21 | NOTE | |||
r-devel-windows-x86_64 | 1.0 | 15.00 | 97.00 | 112.00 | NOTE | |
r-patched-linux-x86_64 | 1.0 | 7.32 | 78.14 | 85.46 | NOTE | |
r-release-linux-x86_64 | 1.0 | 6.64 | 78.54 | 85.18 | NOTE | |
r-release-macos-arm64 | 1.0 | 29.00 | NOTE | |||
r-release-macos-x86_64 | 1.0 | 55.00 | NOTE | |||
r-release-windows-x86_64 | 1.0 | 17.00 | 99.00 | 116.00 | NOTE | |
r-oldrel-macos-arm64 | 1.0 | 34.00 | NOTE | |||
r-oldrel-macos-x86_64 | 1.0 | 52.00 | NOTE | |||
r-oldrel-windows-ix86+x86_64 | 1.0 | 19.00 | 104.00 | 123.00 | NOTE |
Version: 1.0
Check: dependencies in R code
Result: NOTE
'library' or 'require' calls to packages already attached by Depends:
'ggplot2' 'reshape'
Please remove these calls from your code.
Packages in Depends field not imported from:
'corpcor' 'ggplot2' 'reshape'
These packages need to be imported from (in the NAMESPACE file)
for when this namespace is loaded but not attached.
Flavors: r-devel-linux-x86_64-debian-clang, r-devel-linux-x86_64-debian-gcc, r-devel-linux-x86_64-fedora-clang, r-devel-linux-x86_64-fedora-gcc, r-devel-windows-x86_64, r-patched-linux-x86_64, r-release-linux-x86_64, r-release-macos-arm64, r-release-macos-x86_64, r-release-windows-x86_64, r-oldrel-macos-arm64, r-oldrel-macos-x86_64, r-oldrel-windows-ix86+x86_64
Version: 1.0
Check: R code for possible problems
Result: NOTE
LogLikCIR: no visible global function definition for 'head'
LogLikCIR: no visible global function definition for 'dchisq'
LogLikFeller: no visible global function definition for 'head'
LogLikFeller: no visible global function definition for 'dchisq'
LogLikOU: no visible global function definition for 'head'
LogLikVasicek: no visible global function definition for 'head'
bond.cir: no visible global function definition for 'melt'
bond.cir: no visible global function definition for 'ggplot'
bond.cir: no visible global function definition for 'aes'
bond.cir: no visible global function definition for 'geom_line'
bond.cir: no visible global function definition for 'ggtitle'
bond.vasicek: no visible global function definition for 'melt'
bond.vasicek: no visible global function definition for 'ggplot'
bond.vasicek: no visible global function definition for 'aes'
bond.vasicek: no visible global function definition for 'geom_line'
bond.vasicek: no visible global function definition for 'ggtitle'
est.cir: no visible global function definition for 'acf'
est.cir: no visible global function definition for 'sd'
est.cir: no visible global function definition for 'title'
est.cir: no visible global function definition for 'optim'
est.cir: no visible global function definition for 'melt'
est.cir: no visible global function definition for 'ggplot'
est.cir: no visible global function definition for 'aes'
est.cir: no visible global function definition for 'geom_line'
est.cir: no visible global function definition for 'ggtitle'
est.cir: no visible global function definition for 'cov'
est.cir: no visible global function definition for 'pseudoinverse'
est.cir: no visible global function definition for 'qnorm'
est.feller: no visible global function definition for 'acf'
est.feller: no visible global function definition for 'sd'
est.feller: no visible global function definition for 'optim'
est.feller: no visible global function definition for 'cov'
est.feller: no visible global function definition for 'pseudoinverse'
est.feller: no visible global function definition for 'qnorm'
est.ou: no visible global function definition for 'optim'
est.ou: no visible global function definition for 'cov'
est.ou: no visible global function definition for 'pseudoinverse'
est.ou: no visible global function definition for 'qnorm'
est.ou: no visible global function definition for 'head'
est.ou: no visible global function definition for 'sd'
est.ou: no visible global function definition for 'cor'
est.vasicek: no visible global function definition for 'acf'
est.vasicek: no visible global function definition for 'sd'
est.vasicek: no visible global function definition for 'title'
est.vasicek: no visible global function definition for 'optim'
est.vasicek: no visible global function definition for 'melt'
est.vasicek: no visible global function definition for 'ggplot'
est.vasicek: no visible global function definition for 'aes'
est.vasicek: no visible global function definition for 'geom_line'
est.vasicek: no visible global function definition for 'ggtitle'
est.vasicek: no visible global function definition for 'cov'
est.vasicek: no visible global function definition for 'pseudoinverse'
est.vasicek: no visible global function definition for 'qnorm'
sim.cir: no visible global function definition for 'melt'
sim.cir: no visible global function definition for 'ggplot'
sim.cir: no visible global function definition for 'aes'
sim.cir: no visible global function definition for 'geom_line'
sim.cir: no visible global function definition for 'ggtitle'
sim.n.chi2: no visible global function definition for 'rchisq'
sim.n.chi2: no visible global function definition for 'rnorm'
sim.n.chi2: no visible global function definition for 'rpois'
sim.vasicek: no visible global function definition for 'rnorm'
sim.vasicek: no visible global function definition for 'melt'
sim.vasicek: no visible global function definition for 'ggplot'
sim.vasicek: no visible global function definition for 'aes'
sim.vasicek: no visible global function definition for 'geom_line'
sim.vasicek: no visible global function definition for 'ggtitle'
Undefined global functions or variables:
acf aes cor cov dchisq geom_line ggplot ggtitle head melt optim
pseudoinverse qnorm rchisq rnorm rpois sd title
Consider adding
importFrom("graphics", "title")
importFrom("stats", "acf", "cor", "cov", "dchisq", "optim", "qnorm",
"rchisq", "rnorm", "rpois", "sd")
importFrom("utils", "head")
to your NAMESPACE file.
Flavors: r-devel-linux-x86_64-debian-clang, r-devel-linux-x86_64-debian-gcc, r-devel-linux-x86_64-fedora-clang, r-devel-linux-x86_64-fedora-gcc, r-devel-windows-x86_64, r-patched-linux-x86_64, r-release-linux-x86_64, r-release-macos-arm64, r-release-macos-x86_64, r-release-windows-x86_64, r-oldrel-macos-arm64, r-oldrel-macos-x86_64, r-oldrel-windows-ix86+x86_64