Last updated on 2022-06-20 14:51:39 CEST.
Flavor | Version | Tinstall | Tcheck | Ttotal | Status | Flags |
---|---|---|---|---|---|---|
r-devel-linux-x86_64-debian-clang | 0.0.4 | 3.61 | 26.77 | 30.38 | NOTE | |
r-devel-linux-x86_64-debian-gcc | 0.0.4 | 2.72 | 20.69 | 23.41 | NOTE | |
r-devel-linux-x86_64-fedora-clang | 0.0.4 | 47.64 | NOTE | |||
r-devel-linux-x86_64-fedora-gcc | 0.0.4 | 47.23 | NOTE | |||
r-devel-windows-x86_64 | 0.0.4 | 14.00 | 51.00 | 65.00 | NOTE | |
r-patched-linux-x86_64 | 0.0.4 | 3.88 | 25.71 | 29.59 | NOTE | |
r-release-linux-x86_64 | 0.0.4 | 3.16 | 25.63 | 28.79 | NOTE | |
r-release-macos-arm64 | 0.0.4 | 19.00 | NOTE | |||
r-release-macos-x86_64 | 0.0.4 | 24.00 | NOTE | |||
r-release-windows-x86_64 | 0.0.4 | 20.00 | 52.00 | 72.00 | NOTE | |
r-oldrel-macos-arm64 | 0.0.4 | 24.00 | NOTE | |||
r-oldrel-macos-x86_64 | 0.0.4 | 28.00 | NOTE | |||
r-oldrel-windows-ix86+x86_64 | 0.0.4 | 12.00 | 49.00 | 61.00 | NOTE |
Version: 0.0.4
Check: DESCRIPTION meta-information
Result: NOTE
Malformed Description field: should contain one or more complete sentences.
Flavors: r-devel-linux-x86_64-debian-clang, r-devel-linux-x86_64-debian-gcc, r-devel-linux-x86_64-fedora-clang, r-devel-linux-x86_64-fedora-gcc, r-devel-windows-x86_64, r-patched-linux-x86_64, r-release-linux-x86_64, r-release-macos-arm64, r-release-macos-x86_64, r-release-windows-x86_64, r-oldrel-macos-arm64, r-oldrel-macos-x86_64, r-oldrel-windows-ix86+x86_64
Version: 0.0.4
Check: R code for possible problems
Result: NOTE
MCMCCV: no visible global function definition for 'rnorm'
MLCVGauss: no visible global function definition for 'runif'
MLCVGauss: no visible global function definition for 'optim'
SimSunderData: no visible global function definition for 'runif'
SimSunderData: no visible global function definition for 'dist'
SimSunderData: no visible global function definition for 'rnorm'
SimSunderData: no visible global function definition for 'qgamma'
SimSunderData: no visible global function definition for 'pnorm'
SimSunderData: no visible global function definition for 'rmultinom'
Undefined global functions or variables:
dist optim pnorm qgamma rmultinom rnorm runif
Consider adding
importFrom("stats", "dist", "optim", "pnorm", "qgamma", "rmultinom",
"rnorm", "runif")
to your NAMESPACE file.
Flavors: r-devel-linux-x86_64-debian-clang, r-devel-linux-x86_64-debian-gcc, r-devel-linux-x86_64-fedora-clang, r-devel-linux-x86_64-fedora-gcc, r-devel-windows-x86_64, r-patched-linux-x86_64, r-release-linux-x86_64, r-release-macos-arm64, r-release-macos-x86_64, r-release-windows-x86_64, r-oldrel-macos-arm64, r-oldrel-macos-x86_64, r-oldrel-windows-ix86+x86_64
Version: 0.0.4
Check: compiled code
Result: NOTE
File ‘Sunder/libs/Sunder.so’:
Found no calls to: ‘R_registerRoutines’, ‘R_useDynamicSymbols’
It is good practice to register native routines and to disable symbol
search.
See ‘Writing portable packages’ in the ‘Writing R Extensions’ manual.
Flavors: r-devel-linux-x86_64-fedora-clang, r-devel-linux-x86_64-fedora-gcc