Last updated on 2022-06-20 14:51:25 CEST.
| Flavor | Version | Tinstall | Tcheck | Ttotal | Status | Flags | 
|---|---|---|---|---|---|---|
| r-devel-linux-x86_64-debian-clang | 1.0.2 | 3.20 | 32.19 | 35.39 | NOTE | |
| r-devel-linux-x86_64-debian-gcc | 1.0.2 | 2.57 | 25.01 | 27.58 | NOTE | |
| r-devel-linux-x86_64-fedora-clang | 1.0.2 | 53.35 | NOTE | |||
| r-devel-linux-x86_64-fedora-gcc | 1.0.2 | 53.40 | NOTE | |||
| r-devel-windows-x86_64 | 1.0.2 | 12.00 | 60.00 | 72.00 | NOTE | |
| r-patched-linux-x86_64 | 1.0.2 | 2.98 | 31.24 | 34.22 | NOTE | |
| r-release-linux-x86_64 | 1.0.2 | 2.39 | 30.90 | 33.29 | NOTE | |
| r-release-macos-arm64 | 1.0.2 | 18.00 | NOTE | |||
| r-release-macos-x86_64 | 1.0.2 | 25.00 | NOTE | |||
| r-release-windows-x86_64 | 1.0.2 | 12.00 | 63.00 | 75.00 | NOTE | |
| r-oldrel-macos-arm64 | 1.0.2 | 22.00 | NOTE | |||
| r-oldrel-macos-x86_64 | 1.0.2 | 30.00 | NOTE | |||
| r-oldrel-windows-ix86+x86_64 | 1.0.2 | 8.00 | 48.00 | 56.00 | NOTE | 
Version: 1.0.2
Check: R code for possible problems
Result: NOTE
    basis_hica: no visible global function definition for 'princomp'
    energy_hica: no visible global function definition for 'dev.new'
    energy_hica: no visible global function definition for 'points'
    energy_hica: no visible global function definition for 'legend'
    Undefined global functions or variables:
      dev.new legend points princomp
    Consider adding
      importFrom("grDevices", "dev.new")
      importFrom("graphics", "legend", "points")
      importFrom("stats", "princomp")
    to your NAMESPACE file.
Flavors: r-devel-linux-x86_64-debian-clang, r-devel-linux-x86_64-debian-gcc, r-devel-linux-x86_64-fedora-clang, r-devel-linux-x86_64-fedora-gcc, r-devel-windows-x86_64, r-patched-linux-x86_64, r-release-linux-x86_64, r-release-macos-arm64, r-release-macos-x86_64, r-release-windows-x86_64, r-oldrel-macos-arm64, r-oldrel-macos-x86_64, r-oldrel-windows-ix86+x86_64