Last updated on 2022-06-20 14:51:25 CEST.
Flavor | Version | Tinstall | Tcheck | Ttotal | Status | Flags |
---|---|---|---|---|---|---|
r-devel-linux-x86_64-debian-clang | 0.6-1 | 4.29 | 31.23 | 35.52 | NOTE | |
r-devel-linux-x86_64-debian-gcc | 0.6-1 | 3.29 | 24.35 | 27.64 | NOTE | |
r-devel-linux-x86_64-fedora-clang | 0.6-1 | 52.74 | NOTE | |||
r-devel-linux-x86_64-fedora-gcc | 0.6-1 | 51.93 | NOTE | |||
r-devel-windows-x86_64 | 0.6-1 | 24.00 | 59.00 | 83.00 | NOTE | |
r-patched-linux-x86_64 | 0.6-1 | 4.46 | 29.81 | 34.27 | NOTE | |
r-release-linux-x86_64 | 0.6-1 | 3.26 | 29.55 | 32.81 | NOTE | |
r-release-macos-arm64 | 0.6-1 | 18.00 | NOTE | |||
r-release-macos-x86_64 | 0.6-1 | 25.00 | NOTE | |||
r-release-windows-x86_64 | 0.6-1 | 10.00 | 59.00 | 69.00 | NOTE | |
r-oldrel-macos-arm64 | 0.6-1 | 23.00 | NOTE | |||
r-oldrel-macos-x86_64 | 0.6-1 | 31.00 | NOTE | |||
r-oldrel-windows-ix86+x86_64 | 0.6-1 | 7.00 | 33.00 | 40.00 | NOTE |
Version: 0.6-1
Check: R code for possible problems
Result: NOTE
ftest: no visible global function definition for 'wilcox.test'
ftest: no visible global function definition for 't.test'
Undefined global functions or variables:
t.test wilcox.test
Consider adding
importFrom("stats", "t.test", "wilcox.test")
to your NAMESPACE file.
Flavors: r-devel-linux-x86_64-debian-clang, r-devel-linux-x86_64-debian-gcc, r-devel-linux-x86_64-fedora-clang, r-devel-linux-x86_64-fedora-gcc, r-devel-windows-x86_64, r-patched-linux-x86_64, r-release-linux-x86_64, r-release-macos-arm64, r-release-macos-x86_64, r-release-windows-x86_64, r-oldrel-macos-arm64, r-oldrel-macos-x86_64, r-oldrel-windows-ix86+x86_64