Last updated on 2022-06-20 11:51:52 CEST.
Flavor | Version | Tinstall | Tcheck | Ttotal | Status | Flags |
---|---|---|---|---|---|---|
r-devel-linux-x86_64-debian-clang | 1.0 | 2.61 | 24.49 | 27.10 | NOTE | |
r-devel-linux-x86_64-debian-gcc | 1.0 | 1.42 | 18.53 | 19.95 | NOTE | |
r-devel-linux-x86_64-fedora-clang | 1.0 | 42.93 | NOTE | |||
r-devel-linux-x86_64-fedora-gcc | 1.0 | 41.45 | NOTE | |||
r-devel-windows-x86_64 | 1.0 | 14.00 | 46.00 | 60.00 | NOTE | |
r-patched-linux-x86_64 | 1.0 | 2.49 | 22.73 | 25.22 | NOTE | |
r-release-linux-x86_64 | 1.0 | 2.06 | 22.71 | 24.77 | NOTE | |
r-release-macos-arm64 | 1.0 | 15.00 | NOTE | |||
r-release-macos-x86_64 | 1.0 | 20.00 | NOTE | |||
r-release-windows-x86_64 | 1.0 | 11.00 | 46.00 | 57.00 | NOTE | |
r-oldrel-macos-arm64 | 1.0 | 20.00 | NOTE | |||
r-oldrel-macos-x86_64 | 1.0 | 24.00 | NOTE | |||
r-oldrel-windows-ix86+x86_64 | 1.0 | 6.00 | 42.00 | 48.00 | NOTE |
Version: 1.0
Check: DESCRIPTION meta-information
Result: NOTE
Malformed Title field: should not end in a period.
Flavors: r-devel-linux-x86_64-debian-clang, r-devel-linux-x86_64-debian-gcc, r-devel-linux-x86_64-fedora-clang, r-devel-linux-x86_64-fedora-gcc, r-devel-windows-x86_64, r-patched-linux-x86_64, r-release-linux-x86_64, r-release-macos-arm64, r-release-macos-x86_64, r-release-windows-x86_64, r-oldrel-macos-arm64, r-oldrel-macos-x86_64, r-oldrel-windows-ix86+x86_64
Version: 1.0
Check: dependencies in R code
Result: NOTE
'library' or 'require' call to 'stats' in package code.
Please use :: or requireNamespace() instead.
See section 'Suggested packages' in the 'Writing R Extensions' manual.
Flavors: r-devel-linux-x86_64-debian-clang, r-devel-linux-x86_64-debian-gcc, r-devel-linux-x86_64-fedora-clang, r-devel-linux-x86_64-fedora-gcc, r-devel-windows-x86_64, r-patched-linux-x86_64, r-release-linux-x86_64, r-release-macos-arm64, r-release-macos-x86_64, r-release-windows-x86_64, r-oldrel-macos-arm64, r-oldrel-macos-x86_64, r-oldrel-windows-ix86+x86_64
Version: 1.0
Check: R code for possible problems
Result: NOTE
GCV: no visible global function definition for 'lm'
GCV: no visible global function definition for 'resid'
ffplot: no visible global function definition for 'par'
ffplot: no visible global function definition for 'points'
ffplot: no visible global function definition for 'legend'
flowfield: no visible global function definition for 'write.table'
gpr: no visible global function definition for 'quantile'
gpr: no visible global function definition for 'var'
smoothp: no visible global function definition for 'lm'
smoothp: no visible global function definition for 'predict'
smoothp: no visible global function definition for 'resid'
smoothp: no visible global function definition for 'optimize'
Undefined global functions or variables:
legend lm optimize par points predict quantile resid var write.table
Consider adding
importFrom("graphics", "legend", "par", "points")
importFrom("stats", "lm", "optimize", "predict", "quantile", "resid",
"var")
importFrom("utils", "write.table")
to your NAMESPACE file.
Flavors: r-devel-linux-x86_64-debian-clang, r-devel-linux-x86_64-debian-gcc, r-devel-linux-x86_64-fedora-clang, r-devel-linux-x86_64-fedora-gcc, r-devel-windows-x86_64, r-patched-linux-x86_64, r-release-linux-x86_64, r-release-macos-arm64, r-release-macos-x86_64, r-release-windows-x86_64, r-oldrel-macos-arm64, r-oldrel-macos-x86_64, r-oldrel-windows-ix86+x86_64