Last updated on 2022-06-20 14:51:28 CEST.
Flavor | Version | Tinstall | Tcheck | Ttotal | Status | Flags |
---|---|---|---|---|---|---|
r-devel-linux-x86_64-debian-clang | 1.2 | 8.11 | 70.65 | 78.76 | NOTE | |
r-devel-linux-x86_64-debian-gcc | 1.2 | 7.63 | 55.41 | 63.04 | NOTE | |
r-devel-linux-x86_64-fedora-clang | 1.2 | 107.24 | NOTE | |||
r-devel-linux-x86_64-fedora-gcc | 1.2 | 104.89 | NOTE | |||
r-devel-windows-x86_64 | 1.2 | 17.00 | 92.00 | 109.00 | NOTE | |
r-patched-linux-x86_64 | 1.2 | 8.39 | 66.94 | 75.33 | NOTE | |
r-release-linux-x86_64 | 1.2 | 9.71 | 67.07 | 76.78 | NOTE | |
r-release-macos-arm64 | 1.2 | 34.00 | NOTE | |||
r-release-macos-x86_64 | 1.2 | 58.00 | NOTE | |||
r-release-windows-x86_64 | 1.2 | 16.00 | 94.00 | 110.00 | NOTE | |
r-oldrel-macos-arm64 | 1.2 | 45.00 | NOTE | |||
r-oldrel-macos-x86_64 | 1.2 | 69.00 | NOTE | |||
r-oldrel-windows-ix86+x86_64 | 1.2 | 20.00 | 101.00 | 121.00 | NOTE |
Version: 1.2
Check: DESCRIPTION meta-information
Result: NOTE
Malformed Title field: should not end in a period.
Flavors: r-devel-linux-x86_64-debian-clang, r-devel-linux-x86_64-debian-gcc, r-devel-linux-x86_64-fedora-clang, r-devel-linux-x86_64-fedora-gcc, r-devel-windows-x86_64, r-patched-linux-x86_64, r-release-linux-x86_64, r-release-macos-arm64, r-release-macos-x86_64, r-release-windows-x86_64, r-oldrel-macos-arm64, r-oldrel-macos-x86_64, r-oldrel-windows-ix86+x86_64
Version: 1.2
Check: R code for possible problems
Result: NOTE
ARsensitivity.ci: no visible global function definition for 'residuals'
ARsensitivity.ci: no visible global function definition for 'lm'
ARsensitivity.ci: no visible global function definition for 'qf'
ARsensitivity.ci: no visible global function definition for 'fitted'
ARsensitivity.power: no visible global function definition for 'qf'
ARsensitivity.power: no visible global function definition for 'pf'
ARsensitivity.size: no visible global function definition for 'qf'
ARsensitivity.size: no visible global function definition for 'pf'
anderson.rubin.ci: no visible global function definition for 'qf'
anderson.rubin.ci: no visible global function definition for 'fitted'
anderson.rubin.ci: no visible global function definition for 'lm'
power.iv: no visible global function definition for 'qf'
power.iv: no visible global function definition for 'pf'
Undefined global functions or variables:
fitted lm pf qf residuals
Consider adding
importFrom("stats", "fitted", "lm", "pf", "qf", "residuals")
to your NAMESPACE file.
Flavors: r-devel-linux-x86_64-debian-clang, r-devel-linux-x86_64-debian-gcc, r-devel-linux-x86_64-fedora-clang, r-devel-linux-x86_64-fedora-gcc, r-devel-windows-x86_64, r-patched-linux-x86_64, r-release-linux-x86_64, r-release-macos-arm64, r-release-macos-x86_64, r-release-windows-x86_64, r-oldrel-macos-arm64, r-oldrel-macos-x86_64, r-oldrel-windows-ix86+x86_64