Last updated on 2022-06-20 14:51:35 CEST.
Flavor | Version | Tinstall | Tcheck | Ttotal | Status | Flags |
---|---|---|---|---|---|---|
r-devel-linux-x86_64-debian-clang | 1.0.1 | 2.30 | 29.50 | 31.80 | NOTE | |
r-devel-linux-x86_64-debian-gcc | 1.0.1 | 2.83 | 22.71 | 25.54 | NOTE | |
r-devel-linux-x86_64-fedora-clang | 1.0.1 | 49.61 | NOTE | |||
r-devel-linux-x86_64-fedora-gcc | 1.0.1 | 48.51 | NOTE | |||
r-devel-windows-x86_64 | 1.0.1 | 25.00 | 55.00 | 80.00 | NOTE | |
r-patched-linux-x86_64 | 1.0.1 | 3.40 | 28.21 | 31.61 | NOTE | |
r-release-linux-x86_64 | 1.0.1 | 2.71 | 27.68 | 30.39 | NOTE | |
r-release-macos-arm64 | 1.0.1 | 21.00 | NOTE | |||
r-release-macos-x86_64 | 1.0.1 | 23.00 | NOTE | |||
r-release-windows-x86_64 | 1.0.1 | 26.00 | 52.00 | 78.00 | NOTE | |
r-oldrel-macos-arm64 | 1.0.1 | 25.00 | NOTE | |||
r-oldrel-macos-x86_64 | 1.0.1 | 34.00 | NOTE | |||
r-oldrel-windows-ix86+x86_64 | 1.0.1 | 8.00 | 48.00 | 56.00 | NOTE |
Version: 1.0.1
Check: R code for possible problems
Result: NOTE
.quick_fetch: no visible global function definition for 'POST'
.quick_fetch: no visible global function definition for 'add_headers'
.quick_fetch: no visible global function definition for
'stop_for_status'
.quick_fetch: no visible global function definition for 'content'
fetch_healthdata: no visible binding for global variable 'resources'
fetch_healthdata : <anonymous>: no visible binding for global variable
'filters'
Undefined global functions or variables:
POST add_headers content filters resources stop_for_status
Flavors: r-devel-linux-x86_64-debian-clang, r-devel-linux-x86_64-debian-gcc, r-devel-linux-x86_64-fedora-clang, r-devel-linux-x86_64-fedora-gcc, r-devel-windows-x86_64, r-patched-linux-x86_64, r-release-linux-x86_64, r-release-macos-arm64, r-release-macos-x86_64, r-release-windows-x86_64, r-oldrel-macos-arm64, r-oldrel-macos-x86_64, r-oldrel-windows-ix86+x86_64