Last updated on 2022-06-20 14:51:36 CEST.
Flavor | Version | Tinstall | Tcheck | Ttotal | Status | Flags |
---|---|---|---|---|---|---|
r-devel-linux-x86_64-debian-clang | 1.2 | 2.25 | 21.32 | 23.57 | NOTE | |
r-devel-linux-x86_64-debian-gcc | 1.2 | 1.65 | 16.75 | 18.40 | NOTE | |
r-devel-linux-x86_64-fedora-clang | 1.2 | 39.42 | NOTE | |||
r-devel-linux-x86_64-fedora-gcc | 1.2 | 38.59 | NOTE | |||
r-devel-windows-x86_64 | 1.2 | 8.00 | 45.00 | 53.00 | NOTE | |
r-patched-linux-x86_64 | 1.2 | 2.14 | 20.98 | 23.12 | NOTE | |
r-release-linux-x86_64 | 1.2 | 2.05 | 21.06 | 23.11 | NOTE | |
r-release-macos-arm64 | 1.2 | 12.00 | NOTE | |||
r-release-macos-x86_64 | 1.2 | 21.00 | NOTE | |||
r-release-windows-x86_64 | 1.2 | 10.00 | 49.00 | 59.00 | NOTE | |
r-oldrel-macos-arm64 | 1.2 | 14.00 | NOTE | |||
r-oldrel-macos-x86_64 | 1.2 | 24.00 | NOTE | |||
r-oldrel-windows-ix86+x86_64 | 1.2 | 5.00 | 42.00 | 47.00 | NOTE |
Version: 1.2
Check: DESCRIPTION meta-information
Result: NOTE
Malformed Description field: should contain one or more complete sentences.
Flavors: r-devel-linux-x86_64-debian-clang, r-devel-linux-x86_64-debian-gcc, r-devel-linux-x86_64-fedora-clang, r-devel-linux-x86_64-fedora-gcc, r-devel-windows-x86_64, r-patched-linux-x86_64, r-release-linux-x86_64, r-release-macos-arm64, r-release-macos-x86_64, r-release-windows-x86_64, r-oldrel-macos-arm64, r-oldrel-macos-x86_64, r-oldrel-windows-ix86+x86_64
Version: 1.2
Check: R code for possible problems
Result: NOTE
royston.test: no visible global function definition for 'shapiro.test'
royston.test: no visible global function definition for 'cor'
royston.test: no visible global function definition for 'qnorm'
royston.test: no visible global function definition for 'pnorm'
royston.test: no visible global function definition for 'cov'
royston.test: no visible global function definition for 'mahalanobis'
royston.test: no visible global function definition for 'qqplot'
royston.test: no visible global function definition for 'qchisq'
royston.test: no visible global function definition for 'ppoints'
royston.test: no visible global function definition for 'abline'
royston.test: no visible global function definition for 'pchisq'
Undefined global functions or variables:
abline cor cov mahalanobis pchisq pnorm ppoints qchisq qnorm qqplot
shapiro.test
Consider adding
importFrom("graphics", "abline")
importFrom("stats", "cor", "cov", "mahalanobis", "pchisq", "pnorm",
"ppoints", "qchisq", "qnorm", "qqplot", "shapiro.test")
to your NAMESPACE file.
Flavors: r-devel-linux-x86_64-debian-clang, r-devel-linux-x86_64-debian-gcc, r-devel-linux-x86_64-fedora-clang, r-devel-linux-x86_64-fedora-gcc, r-devel-windows-x86_64, r-patched-linux-x86_64, r-release-linux-x86_64, r-release-macos-arm64, r-release-macos-x86_64, r-release-windows-x86_64, r-oldrel-macos-arm64, r-oldrel-macos-x86_64, r-oldrel-windows-ix86+x86_64