Last updated on 2022-06-20 14:51:37 CEST.
Flavor | Version | Tinstall | Tcheck | Ttotal | Status | Flags |
---|---|---|---|---|---|---|
r-devel-linux-x86_64-debian-clang | 0.1 | 2.00 | 21.04 | 23.04 | NOTE | |
r-devel-linux-x86_64-debian-gcc | 0.1 | 1.48 | 16.39 | 17.87 | NOTE | |
r-devel-linux-x86_64-fedora-clang | 0.1 | 38.15 | NOTE | |||
r-devel-linux-x86_64-fedora-gcc | 0.1 | 36.84 | NOTE | |||
r-devel-windows-x86_64 | 0.1 | 8.00 | 42.00 | 50.00 | NOTE | |
r-patched-linux-x86_64 | 0.1 | 1.32 | 20.29 | 21.61 | NOTE | |
r-release-linux-x86_64 | 0.1 | 1.72 | 20.01 | 21.73 | NOTE | |
r-release-macos-arm64 | 0.1 | 15.00 | NOTE | |||
r-release-macos-x86_64 | 0.1 | 21.00 | NOTE | |||
r-release-windows-x86_64 | 0.1 | 4.00 | 41.00 | 45.00 | NOTE | |
r-oldrel-macos-arm64 | 0.1 | 16.00 | NOTE | |||
r-oldrel-macos-x86_64 | 0.1 | 25.00 | NOTE | |||
r-oldrel-windows-ix86+x86_64 | 0.1 | 4.00 | 24.00 | 28.00 | NOTE |
Version: 0.1
Check: DESCRIPTION meta-information
Result: NOTE
Malformed Description field: should contain one or more complete sentences.
Flavors: r-devel-linux-x86_64-debian-clang, r-devel-linux-x86_64-debian-gcc, r-devel-linux-x86_64-fedora-clang, r-devel-linux-x86_64-fedora-gcc, r-devel-windows-x86_64, r-patched-linux-x86_64, r-release-linux-x86_64, r-release-macos-arm64, r-release-macos-x86_64, r-release-windows-x86_64, r-oldrel-macos-arm64, r-oldrel-macos-x86_64, r-oldrel-windows-ix86+x86_64
Version: 0.1
Check: R code for possible problems
Result: NOTE
bm: no visible global function definition for 'rnorm'
bm: no visible global function definition for 'ts'
fbm: no visible global function definition for 'fft'
fbm: no visible global function definition for 'rnorm'
fbm: no visible global function definition for 'ts'
gbm: no visible global function definition for 'rnorm'
gbm: no visible global function definition for 'ts'
Undefined global functions or variables:
fft rnorm ts
Consider adding
importFrom("stats", "fft", "rnorm", "ts")
to your NAMESPACE file.
Flavors: r-devel-linux-x86_64-debian-clang, r-devel-linux-x86_64-debian-gcc, r-devel-linux-x86_64-fedora-clang, r-devel-linux-x86_64-fedora-gcc, r-devel-windows-x86_64, r-patched-linux-x86_64, r-release-linux-x86_64, r-release-macos-arm64, r-release-macos-x86_64, r-release-windows-x86_64, r-oldrel-macos-arm64, r-oldrel-macos-x86_64, r-oldrel-windows-ix86+x86_64
Version: 0.1
Check: LazyData
Result: NOTE
'LazyData' is specified without a 'data' directory
Flavors: r-devel-linux-x86_64-debian-clang, r-devel-linux-x86_64-debian-gcc, r-devel-linux-x86_64-fedora-clang, r-devel-linux-x86_64-fedora-gcc, r-devel-windows-x86_64, r-patched-linux-x86_64, r-release-linux-x86_64, r-release-macos-arm64, r-release-macos-x86_64, r-release-windows-x86_64, r-oldrel-macos-arm64, r-oldrel-macos-x86_64, r-oldrel-windows-ix86+x86_64