Last updated on 2022-06-20 11:52:08 CEST.
| Flavor | Version | Tinstall | Tcheck | Ttotal | Status | Flags | 
|---|---|---|---|---|---|---|
| r-devel-linux-x86_64-debian-clang | 1.3 | 8.00 | 73.62 | 81.62 | NOTE | |
| r-devel-linux-x86_64-debian-gcc | 1.3 | 5.66 | 57.53 | 63.19 | NOTE | |
| r-devel-linux-x86_64-fedora-clang | 1.3 | 109.24 | NOTE | |||
| r-devel-linux-x86_64-fedora-gcc | 1.3 | 109.21 | NOTE | |||
| r-devel-windows-x86_64 | 1.3 | 205.00 | 115.00 | 320.00 | NOTE | |
| r-patched-linux-x86_64 | 1.3 | 9.41 | 75.05 | 84.46 | NOTE | |
| r-release-linux-x86_64 | 1.3 | 7.20 | 66.57 | 73.77 | NOTE | |
| r-release-macos-arm64 | 1.3 | 33.00 | NOTE | |||
| r-release-macos-x86_64 | 1.3 | 51.00 | NOTE | |||
| r-release-windows-x86_64 | 1.3 | 111.00 | 127.00 | 238.00 | NOTE | |
| r-oldrel-macos-arm64 | 1.3 | 51.00 | NOTE | |||
| r-oldrel-macos-x86_64 | 1.3 | 67.00 | NOTE | |||
| r-oldrel-windows-ix86+x86_64 | 1.3 | 15.00 | 103.00 | 118.00 | NOTE | 
Version: 1.3
Check: R code for possible problems
Result: NOTE
    extractContentDOM: no visible global function definition for
      'capture.output'
    extractHTMLStrip: no visible global function definition for
      'capture.output'
    Undefined global functions or variables:
      capture.output
    Consider adding
      importFrom("utils", "capture.output")
    to your NAMESPACE file.
Flavors: r-devel-linux-x86_64-debian-clang, r-devel-linux-x86_64-debian-gcc, r-devel-linux-x86_64-fedora-clang, r-devel-linux-x86_64-fedora-gcc, r-devel-windows-x86_64, r-patched-linux-x86_64, r-release-linux-x86_64, r-release-macos-arm64, r-release-macos-x86_64, r-release-windows-x86_64, r-oldrel-macos-arm64, r-oldrel-macos-x86_64, r-oldrel-windows-ix86+x86_64