Last updated on 2022-06-20 14:51:40 CEST.
Flavor | Version | Tinstall | Tcheck | Ttotal | Status | Flags |
---|---|---|---|---|---|---|
r-devel-linux-x86_64-debian-clang | 1.2 | 9.10 | 39.57 | 48.67 | NOTE | |
r-devel-linux-x86_64-debian-gcc | 1.2 | 6.31 | 30.71 | 37.02 | NOTE | |
r-devel-linux-x86_64-fedora-clang | 1.2 | 68.72 | NOTE | |||
r-devel-linux-x86_64-fedora-gcc | 1.2 | 68.59 | NOTE | |||
r-devel-windows-x86_64 | 1.2 | 19.00 | 75.00 | 94.00 | NOTE | |
r-patched-linux-x86_64 | 1.2 | 6.07 | 39.43 | 45.50 | NOTE | |
r-release-linux-x86_64 | 1.2 | 5.88 | 39.68 | 45.56 | NOTE | |
r-release-macos-arm64 | 1.2 | 24.00 | NOTE | |||
r-release-macos-x86_64 | 1.2 | 30.00 | NOTE | |||
r-release-windows-x86_64 | 1.2 | 18.00 | 72.00 | 90.00 | NOTE | |
r-oldrel-macos-arm64 | 1.2 | 28.00 | NOTE | |||
r-oldrel-macos-x86_64 | 1.2 | 42.00 | NOTE | |||
r-oldrel-windows-ix86+x86_64 | 1.2 | 22.00 | 97.00 | 119.00 | NOTE |
Version: 1.2
Check: R code for possible problems
Result: NOTE
cinbag: no visible global function definition for 'var'
trimTrees: no visible global function definition for 'predict'
Undefined global functions or variables:
predict var
Consider adding
importFrom("stats", "predict", "var")
to your NAMESPACE file.
Flavors: r-devel-linux-x86_64-debian-clang, r-devel-linux-x86_64-debian-gcc, r-devel-linux-x86_64-fedora-clang, r-devel-linux-x86_64-fedora-gcc, r-devel-windows-x86_64, r-patched-linux-x86_64, r-release-linux-x86_64, r-release-macos-arm64, r-release-macos-x86_64, r-release-windows-x86_64, r-oldrel-macos-arm64, r-oldrel-macos-x86_64, r-oldrel-windows-ix86+x86_64
Version: 1.2
Check: compiled code
Result: NOTE
File ‘trimTrees/libs/trimTrees.so’:
Found no calls to: ‘R_registerRoutines’, ‘R_useDynamicSymbols’
It is good practice to register native routines and to disable symbol
search.
See ‘Writing portable packages’ in the ‘Writing R Extensions’ manual.
Flavors: r-devel-linux-x86_64-fedora-clang, r-devel-linux-x86_64-fedora-gcc