Last updated on 2022-06-21 06:51:29 CEST.
Flavor | Version | Tinstall | Tcheck | Ttotal | Status | Flags |
---|---|---|---|---|---|---|
r-devel-linux-x86_64-debian-clang | 1.1 | 12.73 | 94.60 | 107.33 | WARN | |
r-devel-linux-x86_64-debian-gcc | 1.1 | 10.05 | 71.01 | 81.06 | WARN | |
r-devel-linux-x86_64-fedora-clang | 1.1 | 137.94 | WARN | |||
r-devel-linux-x86_64-fedora-gcc | 1.1 | 132.53 | WARN | |||
r-devel-windows-x86_64 | 1.1 | 47.00 | 125.00 | 172.00 | WARN | |
r-patched-linux-x86_64 | 1.1 | 18.04 | 89.09 | 107.13 | OK | |
r-release-linux-x86_64 | 1.1 | 8.59 | 88.78 | 97.37 | OK | |
r-release-macos-arm64 | 1.1 | 35.00 | OK | |||
r-release-macos-x86_64 | 1.1 | 65.00 | OK | |||
r-release-windows-x86_64 | 1.1 | 51.00 | 121.00 | 172.00 | OK | |
r-oldrel-macos-arm64 | 1.1 | 47.00 | OK | |||
r-oldrel-macos-x86_64 | 1.1 | 50.00 | OK | |||
r-oldrel-windows-ix86+x86_64 | 1.1 | 26.00 | 120.00 | 146.00 | OK |
Version: 1.1
Check: Rd files
Result: WARN
checkRd: (5) SpecialMatch.Rd:17: \item in \value must have non-empty label
Flavors: r-devel-linux-x86_64-debian-clang, r-devel-linux-x86_64-debian-gcc, r-devel-linux-x86_64-fedora-clang, r-devel-linux-x86_64-fedora-gcc, r-devel-windows-x86_64
Version: 1.1
Check: HTML version of manual
Result: NOTE
Found the following problems:
SpecialMatch.Rd:56:38: Warning: trimming empty <code>
Flavors: r-devel-linux-x86_64-debian-clang, r-devel-linux-x86_64-debian-gcc