Last updated on 2022-06-21 06:51:35 CEST.
Flavor | Version | Tinstall | Tcheck | Ttotal | Status | Flags |
---|---|---|---|---|---|---|
r-devel-linux-x86_64-debian-clang | 1.3.3 | 16.52 | 141.09 | 157.61 | WARN | |
r-devel-linux-x86_64-debian-gcc | 1.3.3 | 12.07 | 104.06 | 116.13 | WARN | |
r-devel-linux-x86_64-fedora-clang | 1.3.3 | 189.48 | WARN | |||
r-devel-linux-x86_64-fedora-gcc | 1.3.3 | 194.12 | WARN | |||
r-devel-windows-x86_64 | 1.3.3 | 37.00 | 157.00 | 194.00 | WARN | |
r-patched-linux-x86_64 | 1.3.3 | 16.31 | 132.67 | 148.98 | OK | |
r-release-linux-x86_64 | 1.3.3 | 17.31 | 130.38 | 147.69 | OK | |
r-release-macos-arm64 | 1.3.3 | 46.00 | OK | |||
r-release-macos-x86_64 | 1.3.3 | 70.00 | OK | |||
r-release-windows-x86_64 | 1.3.3 | 43.00 | 159.00 | 202.00 | OK | |
r-oldrel-macos-arm64 | 1.3.3 | 53.00 | OK | |||
r-oldrel-macos-x86_64 | 1.3.3 | 84.00 | OK | |||
r-oldrel-windows-ix86+x86_64 | 1.3.3 | 33.00 | 176.00 | 209.00 | OK |
Version: 1.3.3
Check: Rd files
Result: WARN
checkRd: (5) bandwidth.Rd:20-21: \item in \arguments must have non-empty label
checkRd: (5) ker.eq.Rd:19-20: \item in \arguments must have non-empty label
checkRd: (5) loglin.smooth.Rd:16-17: \item in \arguments must have non-empty label
Flavors: r-devel-linux-x86_64-debian-clang, r-devel-linux-x86_64-debian-gcc, r-devel-linux-x86_64-fedora-clang, r-devel-linux-x86_64-fedora-gcc, r-devel-windows-x86_64
Version: 1.3.3
Check: HTML version of manual
Result: NOTE
Found the following problems:
bandwidth.Rd:40:38: Warning: trimming empty <code>
ker.eq.Rd:41:38: Warning: trimming empty <code>
loglin.smooth.Rd:38:38: Warning: trimming empty <code>
Flavors: r-devel-linux-x86_64-debian-clang, r-devel-linux-x86_64-debian-gcc