Last updated on 2022-06-21 06:51:34 CEST.
Flavor | Version | Tinstall | Tcheck | Ttotal | Status | Flags |
---|---|---|---|---|---|---|
r-devel-linux-x86_64-debian-clang | 0.1.0 | 5.70 | 169.71 | 175.41 | WARN | |
r-devel-linux-x86_64-debian-gcc | 0.1.0 | 4.06 | 122.46 | 126.52 | WARN | |
r-devel-linux-x86_64-fedora-clang | 0.1.0 | 206.42 | WARN | |||
r-devel-linux-x86_64-fedora-gcc | 0.1.0 | 210.02 | WARN | |||
r-devel-windows-x86_64 | 0.1.0 | 30.00 | 194.00 | 224.00 | WARN | |
r-patched-linux-x86_64 | 0.1.0 | 4.21 | 156.45 | 160.66 | OK | |
r-release-linux-x86_64 | 0.1.0 | 5.38 | 160.90 | 166.28 | OK | |
r-release-macos-arm64 | 0.1.0 | 55.00 | OK | |||
r-release-macos-x86_64 | 0.1.0 | 83.00 | OK | |||
r-release-windows-x86_64 | 0.1.0 | 28.00 | 203.00 | 231.00 | OK | |
r-oldrel-macos-arm64 | 0.1.0 | 71.00 | OK | |||
r-oldrel-macos-x86_64 | 0.1.0 | 114.00 | OK | |||
r-oldrel-windows-ix86+x86_64 | 0.1.0 | 10.00 | 197.00 | 207.00 | OK |
Version: 0.1.0
Check: Rd files
Result: WARN
checkRd: (5) gendata.Rd:57-59: \item in \describe must have non-empty label
checkRd: (5) gendata.Rd:59-61: \item in \describe must have non-empty label
checkRd: (5) gendata.Rd:62-63: \item in \describe must have non-empty label
checkRd: (5) sailsim.Rd:24: \item in \describe must have non-empty label
checkRd: (5) sailsim.Rd:24-25: \item in \describe must have non-empty label
checkRd: (5) sailsim.Rd:25-26: \item in \describe must have non-empty label
checkRd: (5) sailsim.Rd:26-27: \item in \describe must have non-empty label
Flavors: r-devel-linux-x86_64-debian-clang, r-devel-linux-x86_64-debian-gcc, r-devel-linux-x86_64-fedora-clang, r-devel-linux-x86_64-fedora-gcc, r-devel-windows-x86_64