Last updated on 2022-06-21 06:51:43 CEST.
Flavor | Version | Tinstall | Tcheck | Ttotal | Status | Flags |
---|---|---|---|---|---|---|
r-devel-linux-x86_64-debian-clang | 0.1.3 | 9.49 | 82.88 | 92.37 | WARN | |
r-devel-linux-x86_64-debian-gcc | 0.1.3 | 7.46 | 61.80 | 69.26 | WARN | |
r-devel-linux-x86_64-fedora-clang | 0.1.3 | 119.34 | WARN | |||
r-devel-linux-x86_64-fedora-gcc | 0.1.3 | 116.06 | WARN | |||
r-devel-windows-x86_64 | 0.1.3 | 14.00 | 102.00 | 116.00 | WARN | |
r-patched-linux-x86_64 | 0.1.3 | 6.47 | 76.88 | 83.35 | OK | |
r-release-linux-x86_64 | 0.1.3 | 7.77 | 77.96 | 85.73 | OK | |
r-release-macos-arm64 | 0.1.3 | 30.00 | OK | |||
r-release-macos-x86_64 | 0.1.3 | 52.00 | OK | |||
r-release-windows-x86_64 | 0.1.3 | 15.00 | 100.00 | 115.00 | OK | |
r-oldrel-macos-arm64 | 0.1.3 | 36.00 | OK | |||
r-oldrel-macos-x86_64 | 0.1.3 | 53.00 | OK | |||
r-oldrel-windows-ix86+x86_64 | 0.1.3 | 24.00 | 95.00 | 119.00 | OK |
Version: 0.1.3
Check: Rd files
Result: WARN
checkRd: (5) ggele.Rd:19: \item in \value must have non-empty label
checkRd: (5) ggele.Rd:20: \item in \value must have non-empty label
checkRd: (5) ggele.Rd:21: \item in \value must have non-empty label
Flavors: r-devel-linux-x86_64-debian-clang, r-devel-linux-x86_64-debian-gcc, r-devel-linux-x86_64-fedora-clang, r-devel-linux-x86_64-fedora-gcc, r-devel-windows-x86_64
Version: 0.1.3
Check: HTML version of manual
Result: NOTE
Found the following problems:
ggele.Rd:54:38: Warning: trimming empty <code>
ggele.Rd:58:38: Warning: trimming empty <code>
ggele.Rd:62:38: Warning: trimming empty <code>
Flavors: r-devel-linux-x86_64-debian-clang, r-devel-linux-x86_64-debian-gcc