Last updated on 2022-06-24 13:56:10 CEST.
Flavor | Version | Tinstall | Tcheck | Ttotal | Status | Flags |
---|---|---|---|---|---|---|
r-devel-linux-x86_64-debian-clang | 1.2 | 2.40 | 65.64 | 68.04 | NOTE | |
r-devel-linux-x86_64-debian-gcc | 1.2 | 2.20 | 48.85 | 51.05 | NOTE | |
r-devel-linux-x86_64-fedora-clang | 1.2 | 90.19 | NOTE | |||
r-devel-linux-x86_64-fedora-gcc | 1.2 | 90.58 | NOTE | |||
r-devel-windows-x86_64 | 1.2 | 24.00 | 109.00 | 133.00 | NOTE | |
r-patched-linux-x86_64 | 1.2 | 2.01 | 62.55 | 64.56 | NOTE | |
r-release-linux-x86_64 | 1.2 | 2.76 | 64.06 | 66.82 | NOTE | |
r-release-macos-arm64 | 1.2 | 29.00 | NOTE | |||
r-release-macos-x86_64 | 1.2 | 39.00 | NOTE | |||
r-release-windows-x86_64 | 1.2 | 18.00 | 106.00 | 124.00 | NOTE | |
r-oldrel-macos-arm64 | 1.2 | 39.00 | NOTE | |||
r-oldrel-macos-x86_64 | 1.2 | 55.00 | NOTE | |||
r-oldrel-windows-ix86+x86_64 | 1.2 | 6.00 | 103.00 | 109.00 | NOTE |
Version: 1.2
Check: DESCRIPTION meta-information
Result: NOTE
Malformed Title field: should not end in a period.
Checking should be performed on sources prepared by 'R CMD build'.
Flavors: r-devel-linux-x86_64-debian-clang, r-devel-linux-x86_64-debian-gcc, r-devel-linux-x86_64-fedora-clang, r-devel-linux-x86_64-fedora-gcc, r-devel-windows-x86_64, r-patched-linux-x86_64, r-release-linux-x86_64, r-release-macos-arm64, r-release-macos-x86_64, r-release-windows-x86_64, r-oldrel-macos-arm64, r-oldrel-macos-x86_64, r-oldrel-windows-ix86+x86_64
Version: 1.2
Check: dependencies in R code
Result: NOTE
Packages in Depends field not imported from:
'chron' 'date' 'evir'
These packages need to be imported from (in the NAMESPACE file)
for when this namespace is loaded but not attached.
Flavors: r-devel-linux-x86_64-debian-clang, r-devel-linux-x86_64-debian-gcc, r-devel-linux-x86_64-fedora-clang, r-devel-linux-x86_64-fedora-gcc, r-devel-windows-x86_64, r-patched-linux-x86_64, r-release-linux-x86_64, r-release-macos-arm64, r-release-macos-x86_64, r-release-windows-x86_64, r-oldrel-macos-arm64, r-oldrel-macos-x86_64, r-oldrel-windows-ix86+x86_64
Version: 1.2
Check: R code for possible problems
Result: NOTE
ALbw: no visible global function definition for 'sd'
ALbw: no visible global function definition for 'quantile'
CVbw: no visible global function definition for 'quantile'
PBbw: no visible global function definition for 'sd'
PBbw: no visible global function definition for 'IQR'
kernel_function: no visible global function definition for 'dnorm'
kernel_function_distribution: no visible global function definition for
'pnorm'
simp_int: no visible global function definition for 'approx'
Undefined global functions or variables:
IQR approx dnorm pnorm quantile sd
Consider adding
importFrom("stats", "IQR", "approx", "dnorm", "pnorm", "quantile",
"sd")
to your NAMESPACE file.
Flavors: r-devel-linux-x86_64-debian-clang, r-devel-linux-x86_64-debian-gcc, r-devel-linux-x86_64-fedora-clang, r-devel-linux-x86_64-fedora-gcc, r-devel-windows-x86_64, r-patched-linux-x86_64, r-release-linux-x86_64, r-release-macos-arm64, r-release-macos-x86_64, r-release-windows-x86_64, r-oldrel-macos-arm64, r-oldrel-macos-x86_64, r-oldrel-windows-ix86+x86_64