Last updated on 2022-06-25 08:52:11 CEST.
Flavor | Version | Tinstall | Tcheck | Ttotal | Status | Flags |
---|---|---|---|---|---|---|
r-devel-linux-x86_64-debian-clang | 1.0 | 2.72 | 28.44 | 31.16 | NOTE | |
r-devel-linux-x86_64-debian-gcc | 1.0 | 2.18 | 22.51 | 24.69 | NOTE | |
r-devel-linux-x86_64-fedora-clang | 1.0 | 48.52 | NOTE | |||
r-devel-linux-x86_64-fedora-gcc | 1.0 | 47.73 | NOTE | |||
r-devel-windows-x86_64 | 1.0 | 21.00 | 58.00 | 79.00 | NOTE | |
r-patched-linux-x86_64 | 1.0 | 2.10 | 27.52 | 29.62 | NOTE | |
r-release-linux-x86_64 | 1.0 | 2.67 | 27.55 | 30.22 | NOTE | |
r-release-macos-arm64 | 1.0 | 23.00 | NOTE | |||
r-release-macos-x86_64 | 1.0 | 28.00 | NOTE | |||
r-release-windows-x86_64 | 1.0 | 54.00 | 58.00 | 112.00 | NOTE | |
r-oldrel-macos-arm64 | 1.0 | 28.00 | NOTE | |||
r-oldrel-macos-x86_64 | 1.0 | 36.00 | NOTE | |||
r-oldrel-windows-ix86+x86_64 | 1.0 | 6.00 | 55.00 | 61.00 | NOTE |
Version: 1.0
Check: DESCRIPTION meta-information
Result: NOTE
Malformed Title field: should not end in a period.
Flavors: r-devel-linux-x86_64-debian-clang, r-devel-linux-x86_64-debian-gcc, r-devel-linux-x86_64-fedora-clang, r-devel-linux-x86_64-fedora-gcc, r-devel-windows-x86_64, r-patched-linux-x86_64, r-release-linux-x86_64, r-release-macos-arm64, r-release-macos-x86_64, r-release-windows-x86_64, r-oldrel-macos-arm64, r-oldrel-macos-x86_64, r-oldrel-windows-ix86+x86_64