Last updated on 2022-06-28 10:49:20 CEST.
Flavor | Version | Tinstall | Tcheck | Ttotal | Status | Flags |
---|---|---|---|---|---|---|
r-devel-linux-x86_64-debian-clang | 0.2.0 | 3.03 | 3.03 | ERROR | ||
r-devel-linux-x86_64-debian-gcc | 0.2.0 | 2.26 | 2.26 | ERROR | ||
r-devel-linux-x86_64-fedora-clang | 0.2.0 | 12.85 | ERROR | |||
r-devel-linux-x86_64-fedora-gcc | 0.2.0 | 13.69 | ERROR | |||
r-devel-windows-x86_64 | 0.2.0 | 20.00 | 138.00 | 158.00 | OK | |
r-patched-linux-x86_64 | 0.2.0 | 2.91 | 2.91 | ERROR | ||
r-release-linux-x86_64 | 0.2.0 | 2.81 | 2.81 | ERROR | ||
r-release-macos-arm64 | 0.2.0 | 42.00 | OK | |||
r-release-macos-x86_64 | 0.2.0 | 82.00 | OK | |||
r-release-windows-x86_64 | 0.2.0 | 19.00 | 133.00 | 152.00 | OK | |
r-oldrel-macos-arm64 | 0.2.0 | 54.00 | OK | |||
r-oldrel-macos-x86_64 | 0.2.0 | 92.00 | OK | |||
r-oldrel-windows-ix86+x86_64 | 0.2.0 | 31.00 | 129.00 | 160.00 | OK |
Version: 0.2.0
Check: package dependencies
Result: ERROR
Package required but not available: 'lle'
See section 'The DESCRIPTION file' in the 'Writing R Extensions'
manual.
Flavors: r-devel-linux-x86_64-debian-clang, r-devel-linux-x86_64-debian-gcc, r-devel-linux-x86_64-fedora-clang, r-devel-linux-x86_64-fedora-gcc, r-patched-linux-x86_64, r-release-linux-x86_64