Last updated on 2022-07-07 10:52:14 CEST.
Flavor | Version | Tinstall | Tcheck | Ttotal | Status | Flags |
---|---|---|---|---|---|---|
r-devel-linux-x86_64-debian-clang | 1.2.1 | 12.68 | 125.86 | 138.54 | ERROR | |
r-devel-linux-x86_64-debian-gcc | 1.2.1 | 11.42 | 94.90 | 106.32 | ERROR | |
r-devel-linux-x86_64-fedora-clang | 1.2.1 | 168.62 | ERROR | |||
r-devel-linux-x86_64-fedora-gcc | 1.2.1 | 165.07 | ERROR | |||
r-devel-windows-x86_64 | 1.2.1 | 24.00 | 319.00 | 343.00 | OK | |
r-patched-linux-x86_64 | 1.2.1 | 17.43 | 118.79 | 136.22 | ERROR | |
r-release-linux-x86_64 | 1.2.1 | 13.92 | 117.08 | 131.00 | ERROR | |
r-release-macos-arm64 | 1.2.1 | 103.00 | OK | |||
r-release-macos-x86_64 | 1.2.1 | 152.00 | OK | |||
r-release-windows-x86_64 | 1.2.1 | 23.00 | 341.00 | 364.00 | OK | |
r-oldrel-macos-arm64 | 1.2.1 | 102.00 | OK | |||
r-oldrel-macos-x86_64 | 1.2.1 | 123.00 | OK | |||
r-oldrel-windows-ix86+x86_64 | 1.2.1 | 33.00 | 288.00 | 321.00 | OK |
Version: 1.2.1
Check: package dependencies
Result: NOTE
Package suggested but not available for checking: 'Vdgraph'
Flavors: r-devel-linux-x86_64-debian-clang, r-devel-linux-x86_64-debian-gcc, r-devel-linux-x86_64-fedora-clang, r-devel-linux-x86_64-fedora-gcc, r-patched-linux-x86_64, r-release-linux-x86_64
Version: 1.2.1
Check: re-building of vignette outputs
Result: ERROR
Error(s) in re-building vignettes:
...
--- re-building 'vdg.Rnw' using knitr
Quitting from lines 239-245 (vdg.Rnw)
Error: processing vignette 'vdg.Rnw' failed with diagnostics:
there is no package called 'Vdgraph'
--- failed re-building 'vdg.Rnw'
SUMMARY: processing the following file failed:
'vdg.Rnw'
Error: Vignette re-building failed.
Execution halted
Flavors: r-devel-linux-x86_64-debian-clang, r-devel-linux-x86_64-debian-gcc, r-patched-linux-x86_64, r-release-linux-x86_64
Version: 1.2.1
Check: compiled code
Result: NOTE
File ‘vdg/libs/vdg.so’:
Found no calls to: ‘R_registerRoutines’, ‘R_useDynamicSymbols’
It is good practice to register native routines and to disable symbol
search.
See ‘Writing portable packages’ in the ‘Writing R Extensions’ manual.
Flavors: r-devel-linux-x86_64-fedora-clang, r-devel-linux-x86_64-fedora-gcc
Version: 1.2.1
Check: re-building of vignette outputs
Result: ERROR
Error(s) in re-building vignettes:
--- re-building ‘vdg.Rnw’ using knitr
Quitting from lines 239-245 (vdg.Rnw)
Error: processing vignette 'vdg.Rnw' failed with diagnostics:
there is no package called 'Vdgraph'
--- failed re-building ‘vdg.Rnw’
SUMMARY: processing the following file failed:
‘vdg.Rnw’
Error: Vignette re-building failed.
Execution halted
Flavors: r-devel-linux-x86_64-fedora-clang, r-devel-linux-x86_64-fedora-gcc