Last updated on 2022-07-11 06:49:29 CEST.
Flavor | Version | Tinstall | Tcheck | Ttotal | Status | Flags |
---|---|---|---|---|---|---|
r-devel-linux-x86_64-debian-clang | 0.3.1 | 31.67 | 102.66 | 134.33 | OK | |
r-devel-linux-x86_64-debian-gcc | 0.3.1 | 24.82 | 76.46 | 101.28 | OK | |
r-devel-linux-x86_64-fedora-clang | 0.3.1 | 180.70 | NOTE | |||
r-devel-linux-x86_64-fedora-gcc | 0.3.1 | 169.30 | NOTE | |||
r-devel-windows-x86_64 | 0.3.1 | 53.00 | 154.00 | 207.00 | NOTE | |
r-patched-linux-x86_64 | 0.3.1 | 29.66 | 96.93 | 126.59 | OK | |
r-release-linux-x86_64 | 0.3.1 | 25.87 | 96.33 | 122.20 | OK | |
r-release-macos-arm64 | 0.3.1 | 53.00 | NOTE | |||
r-release-macos-x86_64 | 0.3.1 | 93.00 | NOTE | |||
r-release-windows-x86_64 | 0.3.1 | 52.00 | 151.00 | 203.00 | NOTE | |
r-oldrel-macos-arm64 | 0.3.1 | 52.00 | NOTE | |||
r-oldrel-macos-x86_64 | 0.3.1 | 68.00 | NOTE | |||
r-oldrel-windows-ix86+x86_64 | 0.3.1 | 81.00 | 175.00 | 256.00 | NOTE |
Version: 0.3.1
Check: installed package size
Result: NOTE
installed size is 8.9Mb
sub-directories of 1Mb or more:
doc 7.6Mb
Flavors: r-devel-linux-x86_64-fedora-clang, r-devel-windows-x86_64, r-release-macos-arm64, r-release-macos-x86_64, r-release-windows-x86_64, r-oldrel-macos-arm64, r-oldrel-macos-x86_64, r-oldrel-windows-ix86+x86_64
Version: 0.3.1
Check: dependencies in R code
Result: NOTE
Namespaces in Imports field not imported from:
‘R6’ ‘pbapply’
All declared Imports should be used.
Flavors: r-devel-linux-x86_64-fedora-clang, r-devel-linux-x86_64-fedora-gcc, r-release-macos-arm64, r-release-macos-x86_64, r-oldrel-macos-arm64, r-oldrel-macos-x86_64