Last updated on 2022-07-16 07:06:20 CEST.
Flavor | Version | Tinstall | Tcheck | Ttotal | Status | Flags |
---|---|---|---|---|---|---|
r-devel-linux-x86_64-debian-clang | 0.2.0 | 1.83 | 36.70 | 38.53 | NOTE | |
r-devel-linux-x86_64-debian-gcc | 0.2.0 | NOTE | ||||
r-devel-linux-x86_64-fedora-clang | 0.2.0 | 59.80 | NOTE | |||
r-devel-linux-x86_64-fedora-gcc | 0.2.0 | 56.94 | NOTE | |||
r-devel-windows-x86_64 | 0.2.0 | 12.00 | 69.00 | 81.00 | NOTE | |
r-patched-linux-x86_64 | 0.2.0 | 2.59 | 36.29 | 38.88 | NOTE | |
r-release-linux-x86_64 | 0.2.0 | 1.69 | 36.18 | 37.87 | NOTE | |
r-release-macos-arm64 | 0.2.0 | 43.00 | NOTE | |||
r-release-macos-x86_64 | 0.2.0 | 58.00 | NOTE | |||
r-release-windows-x86_64 | 0.2.0 | 15.00 | 72.00 | 87.00 | NOTE | |
r-oldrel-macos-arm64 | 0.2.0 | 47.00 | NOTE | |||
r-oldrel-macos-x86_64 | 0.2.0 | 55.00 | NOTE | |||
r-oldrel-windows-ix86+x86_64 | 0.2.0 | 8.00 | 63.00 | 71.00 | NOTE |
Version: 0.2.0
Check: LazyData
Result: NOTE
'LazyData' is specified without a 'data' directory
Flavors: r-devel-linux-x86_64-debian-clang, r-devel-linux-x86_64-debian-gcc, r-devel-linux-x86_64-fedora-clang, r-devel-linux-x86_64-fedora-gcc, r-devel-windows-x86_64, r-patched-linux-x86_64, r-release-linux-x86_64, r-release-macos-arm64, r-release-macos-x86_64, r-release-windows-x86_64, r-oldrel-macos-arm64, r-oldrel-macos-x86_64, r-oldrel-windows-ix86+x86_64