Last updated on 2022-07-21 11:53:05 CEST.
Flavor | Version | Tinstall | Tcheck | Ttotal | Status | Flags |
---|---|---|---|---|---|---|
r-devel-linux-x86_64-debian-clang | 1.0.4 | 5.73 | 54.47 | 60.20 | NOTE | |
r-devel-linux-x86_64-debian-gcc | 1.0.4 | 4.44 | 41.78 | 46.22 | NOTE | |
r-devel-linux-x86_64-fedora-clang | 1.0.4 | 82.72 | OK | |||
r-devel-linux-x86_64-fedora-gcc | 1.0.4 | 80.27 | OK | |||
r-devel-windows-x86_64 | 1.0.4 | 13.00 | 74.00 | 87.00 | OK | |
r-patched-linux-x86_64 | 1.0.4 | 5.92 | 52.60 | 58.52 | OK | |
r-release-linux-x86_64 | 1.0.4 | 5.32 | 51.78 | 57.10 | OK | |
r-release-macos-arm64 | 1.0.4 | 24.00 | OK | |||
r-release-macos-x86_64 | 1.0.4 | 34.00 | OK | |||
r-release-windows-x86_64 | 1.0.4 | 10.00 | 73.00 | 83.00 | OK | |
r-oldrel-macos-arm64 | 1.0.4 | 31.00 | OK | |||
r-oldrel-macos-x86_64 | 1.0.4 | 48.00 | OK | |||
r-oldrel-windows-ix86+x86_64 | 1.0.4 | 10.00 | 52.00 | 62.00 | OK |
Version: 1.0.4
Check: HTML version of manual
Result: NOTE
Found the following problems:
gesca.run.Rd:127:1: Warning: trimming empty <p>
gesca.run.Rd:153:1: Warning: trimming empty <p>
gesca.run.Rd:163:1: Warning: trimming empty <p>
Flavors: r-devel-linux-x86_64-debian-clang, r-devel-linux-x86_64-debian-gcc