Last updated on 2022-08-08 13:51:00 CEST.
Flavor | Version | Tinstall | Tcheck | Ttotal | Status | Flags |
---|---|---|---|---|---|---|
r-devel-linux-x86_64-debian-clang | 0.1.3 | 2.71 | 25.76 | 28.47 | NOTE | |
r-devel-linux-x86_64-debian-gcc | 0.1.3 | 1.82 | 19.36 | 21.18 | NOTE | |
r-devel-linux-x86_64-fedora-clang | 0.1.3 | 44.03 | NOTE | |||
r-devel-linux-x86_64-fedora-gcc | 0.1.3 | 43.31 | NOTE | |||
r-devel-windows-x86_64 | 0.1.3 | 8.00 | 49.00 | 57.00 | NOTE | |
r-patched-linux-x86_64 | 0.1.3 | 2.76 | 24.54 | 27.30 | NOTE | |
r-release-linux-x86_64 | 0.1.3 | NOTE | ||||
r-release-macos-arm64 | 0.1.3 | 18.00 | NOTE | |||
r-release-macos-x86_64 | 0.1.3 | 21.00 | NOTE | |||
r-release-windows-x86_64 | 0.1.3 | 12.00 | 50.00 | 62.00 | NOTE | |
r-oldrel-macos-arm64 | 0.1.3 | 20.00 | NOTE | |||
r-oldrel-macos-x86_64 | 0.1.3 | 25.00 | NOTE | |||
r-oldrel-windows-ix86+x86_64 | 0.1.3 | 6.00 | 44.00 | 50.00 | NOTE |
Version: 0.1.3
Check: LazyData
Result: NOTE
'LazyData' is specified without a 'data' directory
Flavors: r-devel-linux-x86_64-debian-clang, r-devel-linux-x86_64-debian-gcc, r-devel-linux-x86_64-fedora-clang, r-devel-linux-x86_64-fedora-gcc, r-devel-windows-x86_64, r-patched-linux-x86_64, r-release-linux-x86_64, r-release-macos-arm64, r-release-macos-x86_64, r-release-windows-x86_64, r-oldrel-macos-arm64, r-oldrel-macos-x86_64, r-oldrel-windows-ix86+x86_64
Version: 0.1.3
Check: dependencies in R code
Result: NOTE
Namespace in Imports field not imported from: ‘Rdpack’
All declared Imports should be used.
Flavors: r-devel-linux-x86_64-fedora-clang, r-devel-linux-x86_64-fedora-gcc, r-release-macos-arm64, r-release-macos-x86_64, r-oldrel-macos-arm64, r-oldrel-macos-x86_64