Last updated on 2022-08-11 06:51:48 CEST.
Flavor | Version | Tinstall | Tcheck | Ttotal | Status | Flags |
---|---|---|---|---|---|---|
r-devel-linux-x86_64-debian-clang | 0.2.5 | 43.52 | 95.56 | 139.08 | OK | |
r-devel-linux-x86_64-debian-gcc | 0.2.5 | 35.87 | 73.58 | 109.45 | OK | |
r-devel-linux-x86_64-fedora-clang | 0.2.5 | 182.87 | NOTE | |||
r-devel-linux-x86_64-fedora-gcc | 0.2.5 | 177.27 | NOTE | |||
r-devel-windows-x86_64 | 0.2.5 | 55.00 | 122.00 | 177.00 | OK | |
r-patched-linux-x86_64 | 0.2.5 | 42.84 | 90.39 | 133.23 | OK | |
r-release-linux-x86_64 | 0.2.5 | OK | ||||
r-release-macos-arm64 | 0.2.5 | 76.00 | NOTE | |||
r-release-macos-x86_64 | 0.2.5 | 99.00 | NOTE | |||
r-release-windows-x86_64 | 0.2.5 | 51.00 | 127.00 | 178.00 | OK | |
r-oldrel-macos-arm64 | 0.2.5 | 71.00 | NOTE | |||
r-oldrel-macos-x86_64 | 0.2.5 | 116.00 | NOTE | |||
r-oldrel-windows-ix86+x86_64 | 0.2.5 | 72.00 | 121.00 | 193.00 | OK |
Version: 0.2.5
Check: data for non-ASCII characters
Result: NOTE
Note: found 2866 marked UTF-8 strings
Flavors: r-devel-linux-x86_64-fedora-clang, r-devel-linux-x86_64-fedora-gcc, r-release-macos-arm64, r-release-macos-x86_64, r-oldrel-macos-arm64, r-oldrel-macos-x86_64
Version: 0.2.5
Check: installed package size
Result: NOTE
installed size is 5.2Mb
sub-directories of 1Mb or more:
data 5.0Mb
Flavors: r-release-macos-arm64, r-oldrel-macos-arm64