Last updated on 2022-08-22 18:57:44 CEST.
Flavor | Version | Tinstall | Tcheck | Ttotal | Status | Flags |
---|---|---|---|---|---|---|
r-devel-linux-x86_64-debian-clang | 0.2.3 | 3.71 | 41.16 | 44.87 | NOTE | |
r-devel-linux-x86_64-debian-gcc | 0.2.3 | 3.45 | 30.89 | 34.34 | ERROR | |
r-devel-linux-x86_64-fedora-clang | 0.2.3 | 35.23 | ERROR | |||
r-devel-linux-x86_64-fedora-gcc | 0.2.3 | 63.85 | NOTE | |||
r-devel-windows-x86_64 | 0.2.3 | 10.00 | 72.00 | 82.00 | NOTE | |
r-patched-linux-x86_64 | 0.2.3 | 3.25 | 38.29 | 41.54 | ERROR | |
r-release-linux-x86_64 | 0.2.3 | 2.96 | 38.61 | 41.57 | ERROR | |
r-release-macos-arm64 | 0.2.3 | 21.00 | NOTE | |||
r-release-macos-x86_64 | 0.2.3 | 30.00 | NOTE | |||
r-release-windows-x86_64 | 0.2.3 | 14.00 | 81.00 | 95.00 | NOTE | |
r-oldrel-macos-arm64 | 0.2.3 | 26.00 | NOTE | |||
r-oldrel-macos-x86_64 | 0.2.3 | 38.00 | NOTE | |||
r-oldrel-windows-ix86+x86_64 | 0.2.3 | 11.00 | 66.00 | 77.00 | NOTE |
Version: 0.2.3
Check: LazyData
Result: NOTE
'LazyData' is specified without a 'data' directory
Flavors: r-devel-linux-x86_64-debian-clang, r-devel-linux-x86_64-debian-gcc, r-devel-linux-x86_64-fedora-clang, r-devel-linux-x86_64-fedora-gcc, r-devel-windows-x86_64, r-patched-linux-x86_64, r-release-linux-x86_64, r-release-macos-arm64, r-release-macos-x86_64, r-release-windows-x86_64, r-oldrel-macos-arm64, r-oldrel-macos-x86_64, r-oldrel-windows-ix86+x86_64
Version: 0.2.3
Check: tests
Result: ERROR
Running ‘testthat.R’ [1s/3s]
Running the tests in ‘tests/testthat.R’ failed.
Complete output:
> library(testthat)
> library(randNames)
>
> test_check("randNames")
[ FAIL 1 | WARN 0 | SKIP 0 | PASS 0 ]
══ Failed tests ════════════════════════════════════════════════════════════════
── Error (test_rand_names.R:4:5): Random names work ────────────────────────────
Error: lexical error: invalid char in json text.
<!DOCTYPE html> <!--[if lt IE 7
(right here) ------^
Backtrace:
▆
1. ├─testthat::expect_is(rand_names(1), "data.frame") at test_rand_names.R:4:4
2. │ └─testthat::quasi_label(enquo(object), label, arg = "object")
3. │ └─rlang::eval_bare(expr, quo_get_env(quo))
4. └─randNames::rand_names(1)
5. └─jsonlite::fromJSON(...)
6. └─jsonlite:::parse_and_simplify(...)
7. └─jsonlite:::parseJSON(txt, bigint_as_char)
8. └─jsonlite:::parse_string(txt, bigint_as_char)
[ FAIL 1 | WARN 0 | SKIP 0 | PASS 0 ]
Error: Test failures
Execution halted
Flavor: r-devel-linux-x86_64-debian-gcc
Version: 0.2.3
Check: tests
Result: ERROR
Running ‘testthat.R’
Running the tests in ‘tests/testthat.R’ failed.
Complete output:
> library(testthat)
> library(randNames)
>
> test_check("randNames")
[ FAIL 1 | WARN 0 | SKIP 0 | PASS 0 ]
══ Failed tests ════════════════════════════════════════════════════════════════
── Error (test_rand_names.R:4:5): Random names work ────────────────────────────
Error: lexical error: invalid char in json text.
<!DOCTYPE html> <!--[if lt IE 7
(right here) ------^
Backtrace:
▆
1. ├─testthat::expect_is(rand_names(1), "data.frame") at test_rand_names.R:4:4
2. │ └─testthat::quasi_label(enquo(object), label, arg = "object")
3. │ └─rlang::eval_bare(expr, quo_get_env(quo))
4. └─randNames::rand_names(1)
5. └─jsonlite::fromJSON(...)
6. └─jsonlite:::parse_and_simplify(...)
7. └─jsonlite:::parseJSON(txt, bigint_as_char)
8. └─jsonlite:::parse_string(txt, bigint_as_char)
[ FAIL 1 | WARN 0 | SKIP 0 | PASS 0 ]
Error: Test failures
Execution halted
Flavor: r-devel-linux-x86_64-fedora-clang
Version: 0.2.3
Check: tests
Result: ERROR
Running ‘testthat.R’ [2s/2s]
Running the tests in ‘tests/testthat.R’ failed.
Complete output:
> library(testthat)
> library(randNames)
>
> test_check("randNames")
[ FAIL 1 | WARN 0 | SKIP 0 | PASS 0 ]
══ Failed tests ════════════════════════════════════════════════════════════════
── Error (test_rand_names.R:4:5): Random names work ────────────────────────────
Error: lexical error: invalid char in json text.
<!DOCTYPE html> <!--[if lt IE 7
(right here) ------^
Backtrace:
▆
1. ├─testthat::expect_is(rand_names(1), "data.frame") at test_rand_names.R:4:4
2. │ └─testthat::quasi_label(enquo(object), label, arg = "object")
3. │ └─rlang::eval_bare(expr, quo_get_env(quo))
4. └─randNames::rand_names(1)
5. └─jsonlite::fromJSON(...)
6. └─jsonlite:::parse_and_simplify(...)
7. └─jsonlite:::parseJSON(txt, bigint_as_char)
8. └─jsonlite:::parse_string(txt, bigint_as_char)
[ FAIL 1 | WARN 0 | SKIP 0 | PASS 0 ]
Error: Test failures
Execution halted
Flavors: r-patched-linux-x86_64, r-release-linux-x86_64
Version: 0.2.3
Check: examples
Result: ERROR
Running examples in ‘randNames-Ex.R’ failed
The error most likely occurred in:
> base::assign(".ptime", proc.time(), pos = "CheckExEnv")
> ### Name: rand_names
> ### Title: Random name generator
> ### Aliases: rand_names
>
> ### ** Examples
>
> data <- rand_names(5)
Error: lexical error: invalid char in json text.
<!DOCTYPE html> <!--[if lt IE 7
(right here) ------^
Execution halted
Flavor: r-release-linux-x86_64