Last updated on 2022-08-24 20:54:12 CEST.
Flavor | Version | Tinstall | Tcheck | Ttotal | Status | Flags |
---|---|---|---|---|---|---|
r-devel-linux-x86_64-debian-clang | 1.1 | 40.74 | 84.20 | 124.94 | ERROR | |
r-devel-linux-x86_64-debian-gcc | 1.1 | 31.90 | 63.02 | 94.92 | ERROR | |
r-devel-linux-x86_64-fedora-clang | 1.1 | 169.27 | ERROR | |||
r-devel-linux-x86_64-fedora-gcc | 1.1 | 175.11 | ERROR | |||
r-devel-windows-x86_64 | 1.1 | 43.00 | 131.00 | 174.00 | ERROR | |
r-patched-linux-x86_64 | 1.1 | 34.15 | 72.20 | 106.35 | OK | |
r-release-linux-x86_64 | 1.1 | 34.06 | 73.35 | 107.41 | OK | |
r-release-macos-arm64 | 1.1 | 43.00 | OK | |||
r-release-macos-x86_64 | 1.1 | 71.00 | OK | |||
r-release-windows-x86_64 | 1.1 | 39.00 | 126.00 | 165.00 | OK | |
r-oldrel-macos-arm64 | 1.1 | 51.00 | OK | |||
r-oldrel-macos-x86_64 | 1.1 | 76.00 | OK | |||
r-oldrel-windows-ix86+x86_64 | 1.1 | 106.00 | 146.00 | 252.00 | OK |
Version: 1.1
Check: PDF version of manual
Result: WARN
LaTeX errors when creating PDF version.
This typically indicates Rd problems.
LaTeX errors found:
! Missing number, treated as zero.
<to be read again>
n
l.648 ...f the matrix \eqn{P \in R^{2m \time n}}{}
is a sketch of the decomp...
Flavors: r-devel-linux-x86_64-debian-clang, r-devel-linux-x86_64-debian-gcc, r-devel-linux-x86_64-fedora-clang, r-devel-linux-x86_64-fedora-gcc
Version: 1.1
Check: PDF version of manual without index
Result: ERROR
Flavors: r-devel-linux-x86_64-debian-clang, r-devel-linux-x86_64-debian-gcc, r-devel-linux-x86_64-fedora-clang, r-devel-linux-x86_64-fedora-gcc, r-devel-windows-x86_64
Version: 1.1
Check: HTML version of manual
Result: NOTE
Found the following math rendering problems:
Rowsums_cpp.Rd:21: Undefined control sequence: \time in P \in R^{2m \time n}
Flavors: r-devel-linux-x86_64-debian-clang, r-devel-linux-x86_64-debian-gcc, r-devel-linux-x86_64-fedora-clang, r-devel-linux-x86_64-fedora-gcc, r-devel-windows-x86_64
Version: 1.1
Check: for non-standard things in the check directory
Result: NOTE
Found the following files/directories:
'SSDL-manual.tex'
Flavors: r-devel-linux-x86_64-debian-clang, r-devel-linux-x86_64-debian-gcc, r-devel-linux-x86_64-fedora-clang, r-devel-linux-x86_64-fedora-gcc
Version: 1.1
Check: PDF version of manual
Result: WARN
LaTeX errors when creating PDF version.
This typically indicates Rd problems.
LaTeX errors found:
! Missing number, treated as zero.
<to be read again>
n
l.650 ...f the matrix \eqn{P \in R^{2m \time n}}{}
is a sketch of the decomp...
Flavor: r-devel-windows-x86_64