Last updated on 2022-08-24 20:53:53 CEST.
Flavor | Version | Tinstall | Tcheck | Ttotal | Status | Flags |
---|---|---|---|---|---|---|
r-devel-linux-x86_64-debian-clang | 1.1.1 | 5.35 | 59.20 | 64.55 | ERROR | |
r-devel-linux-x86_64-debian-gcc | 1.1.1 | 4.86 | 44.42 | 49.28 | ERROR | |
r-devel-linux-x86_64-fedora-clang | 1.1.1 | 91.41 | ERROR | |||
r-devel-linux-x86_64-fedora-gcc | 1.1.1 | 90.15 | ERROR | |||
r-devel-windows-x86_64 | 1.1.1 | 12.00 | 89.00 | 101.00 | ERROR | |
r-patched-linux-x86_64 | 1.1.1 | 6.93 | 49.66 | 56.59 | OK | |
r-release-linux-x86_64 | 1.1.1 | 4.26 | 48.60 | 52.86 | OK | |
r-release-macos-arm64 | 1.1.1 | 25.00 | OK | |||
r-release-macos-x86_64 | 1.1.1 | 39.00 | OK | |||
r-release-windows-x86_64 | 1.1.1 | 18.00 | 76.00 | 94.00 | OK | |
r-oldrel-macos-arm64 | 1.1.1 | 23.00 | OK | |||
r-oldrel-macos-x86_64 | 1.1.1 | 33.00 | OK | |||
r-oldrel-windows-ix86+x86_64 | 1.1.1 | 12.00 | 76.00 | 88.00 | OK |
Version: 1.1.1
Check: PDF version of manual
Result: WARN
LaTeX errors when creating PDF version.
This typically indicates Rd problems.
LaTeX errors found:
! Undefined control sequence.
<argument> \text
{min}(-1/2*x^TB^Tx + \gamma p(y): ||x||_2 \leq 1, DNx = y)
l.1924 ...\gamma p(y): ||x||_2 \leq 1, DNx = y)}{}
Flavors: r-devel-linux-x86_64-debian-clang, r-devel-linux-x86_64-debian-gcc, r-devel-linux-x86_64-fedora-clang, r-devel-linux-x86_64-fedora-gcc, r-devel-windows-x86_64
Version: 1.1.1
Check: PDF version of manual without index
Result: ERROR
Flavors: r-devel-linux-x86_64-debian-clang, r-devel-linux-x86_64-debian-gcc, r-devel-linux-x86_64-fedora-clang, r-devel-linux-x86_64-fedora-gcc, r-devel-windows-x86_64
Version: 1.1.1
Check: for non-standard things in the check directory
Result: NOTE
Found the following files/directories:
'accSDA-manual.tex'
Flavors: r-devel-linux-x86_64-debian-clang, r-devel-linux-x86_64-debian-gcc, r-devel-linux-x86_64-fedora-clang, r-devel-linux-x86_64-fedora-gcc