Last updated on 2022-09-04 14:53:36 CEST.
Flavor | Version | Tinstall | Tcheck | Ttotal | Status | Flags |
---|---|---|---|---|---|---|
r-devel-linux-x86_64-debian-clang | 1.0.0 | 74.60 | 74.65 | 149.25 | OK | |
r-devel-linux-x86_64-debian-gcc | 1.0.0 | 59.06 | 53.96 | 113.02 | OK | |
r-devel-linux-x86_64-fedora-clang | 1.0.0 | 197.79 | OK | |||
r-devel-linux-x86_64-fedora-gcc | 1.0.0 | 191.09 | OK | |||
r-devel-windows-x86_64 | 1.0.0 | 58.00 | 125.00 | 183.00 | OK | |
r-patched-linux-x86_64 | 1.0.0 | 66.23 | 68.72 | 134.95 | OK | |
r-release-linux-x86_64 | 1.0.0 | OK | ||||
r-release-macos-arm64 | 1.0.0 | 52.00 | OK | |||
r-release-macos-x86_64 | 1.0.0 | 91.00 | OK | |||
r-release-windows-x86_64 | 1.0.0 | 59.00 | 118.00 | 177.00 | OK | |
r-oldrel-macos-arm64 | 1.0.0 | 57.00 | NOTE | |||
r-oldrel-macos-x86_64 | 1.0.0 | 74.00 | OK | |||
r-oldrel-windows-ix86+x86_64 | 1.0.0 | 177.00 | 146.00 | 323.00 | OK |
Version: 1.0.0
Check: installed package size
Result: NOTE
installed size is 5.5Mb
sub-directories of 1Mb or more:
libs 5.4Mb
Flavor: r-oldrel-macos-arm64