Last updated on 2022-09-04 11:15:02 CEST.
Flavor | Version | Tinstall | Tcheck | Ttotal | Status | Flags |
---|---|---|---|---|---|---|
r-devel-linux-x86_64-debian-clang | 0.3-1 | 105.59 | 437.15 | 542.74 | OK | |
r-devel-linux-x86_64-debian-gcc | 0.3-1 | 85.12 | 320.26 | 405.38 | OK | |
r-devel-linux-x86_64-fedora-clang | 0.3-1 | 690.28 | NOTE | |||
r-devel-linux-x86_64-fedora-gcc | 0.3-1 | 464.90 | NOTE | |||
r-devel-windows-x86_64 | 0.3-1 | 129.00 | 455.00 | 584.00 | OK | |
r-patched-linux-x86_64 | 0.3-1 | 114.66 | 406.51 | 521.17 | OK | |
r-release-linux-x86_64 | 0.3-1 | OK | ||||
r-release-macos-arm64 | 0.3-1 | 141.00 | NOTE | |||
r-release-macos-x86_64 | 0.3-1 | 218.00 | NOTE | |||
r-release-windows-x86_64 | 0.3-1 | 136.00 | 436.00 | 572.00 | OK | |
r-oldrel-macos-arm64 | 0.3-1 | 133.00 | NOTE | |||
r-oldrel-macos-x86_64 | 0.3-1 | 214.00 | NOTE | |||
r-oldrel-windows-ix86+x86_64 | 0.3-1 | 203.00 | 429.00 | 632.00 | OK |
Version: 0.3-1
Check: dependencies in R code
Result: NOTE
Namespace in Imports field not imported from: ‘jsonlite’
All declared Imports should be used.
Flavors: r-devel-linux-x86_64-fedora-clang, r-devel-linux-x86_64-fedora-gcc, r-release-macos-arm64, r-release-macos-x86_64, r-oldrel-macos-arm64, r-oldrel-macos-x86_64