Last updated on 2022-09-04 11:15:03 CEST.
Flavor | Version | Tinstall | Tcheck | Ttotal | Status | Flags |
---|---|---|---|---|---|---|
r-devel-linux-x86_64-debian-clang | 0.3.1 | 20.68 | 216.50 | 237.18 | OK | |
r-devel-linux-x86_64-debian-gcc | 0.3.1 | 15.69 | 153.84 | 169.53 | OK | |
r-devel-linux-x86_64-fedora-clang | 0.3.1 | 274.36 | NOTE | |||
r-devel-linux-x86_64-fedora-gcc | 0.3.1 | 274.32 | OK | |||
r-devel-windows-x86_64 | 0.3.1 | 69.00 | 266.00 | 335.00 | OK | |
r-patched-linux-x86_64 | 0.3.1 | 16.84 | 195.81 | 212.65 | OK | |
r-release-linux-x86_64 | 0.3.1 | OK | ||||
r-release-macos-arm64 | 0.3.1 | 75.00 | OK | |||
r-release-macos-x86_64 | 0.3.1 | 97.00 | OK | |||
r-release-windows-x86_64 | 0.3.1 | 60.00 | 240.00 | 300.00 | OK | |
r-oldrel-macos-arm64 | 0.3.1 | 70.00 | NOTE | |||
r-oldrel-macos-x86_64 | 0.3.1 | 97.00 | OK | |||
r-oldrel-windows-ix86+x86_64 | 0.3.1 | 38.00 | 236.00 | 274.00 | OK |
Version: 0.3.1
Check: package dependencies
Result: NOTE
Package suggested but not available for checking: ‘proDA’
Flavors: r-devel-linux-x86_64-fedora-clang, r-oldrel-macos-arm64