Last updated on 2022-09-11 08:55:32 CEST.
Flavor | Version | Tinstall | Tcheck | Ttotal | Status | Flags |
---|---|---|---|---|---|---|
r-devel-linux-x86_64-debian-clang | 2.0.0 | 13.59 | 53.20 | 66.79 | NOTE | |
r-devel-linux-x86_64-debian-gcc | 2.0.0 | 9.30 | 39.74 | 49.04 | NOTE | |
r-devel-linux-x86_64-fedora-clang | 2.0.0 | 86.87 | NOTE | |||
r-devel-linux-x86_64-fedora-gcc | 2.0.0 | 85.71 | NOTE | |||
r-devel-windows-x86_64 | 2.0.0 | 103.00 | 93.00 | 196.00 | NOTE | |
r-patched-linux-x86_64 | 2.0.0 | 10.57 | 49.74 | 60.31 | OK | |
r-release-linux-x86_64 | 2.0.0 | 10.98 | 48.53 | 59.51 | OK | |
r-release-macos-arm64 | 2.0.0 | 30.00 | OK | |||
r-release-macos-x86_64 | 2.0.0 | 39.00 | OK | |||
r-release-windows-x86_64 | 2.0.0 | 148.00 | 92.00 | 240.00 | OK | |
r-oldrel-macos-arm64 | 2.0.0 | 28.00 | OK | |||
r-oldrel-macos-x86_64 | 2.0.0 | 39.00 | OK | |||
r-oldrel-windows-ix86+x86_64 | 2.0.0 | 20.00 | 81.00 | 101.00 | OK |
Version: 2.0.0
Check: HTML version of manual
Result: NOTE
Found the following HTML validation problems:
spade.html:201:125: Warning: nested emphasis <strong>
Flavors: r-devel-linux-x86_64-debian-clang, r-devel-linux-x86_64-debian-gcc, r-devel-linux-x86_64-fedora-clang, r-devel-linux-x86_64-fedora-gcc, r-devel-windows-x86_64