Last updated on 2022-09-18 07:54:32 CEST.
Flavor | Version | Tinstall | Tcheck | Ttotal | Status | Flags |
---|---|---|---|---|---|---|
r-devel-linux-x86_64-debian-clang | 2.2.6 | 43.48 | 135.67 | 179.15 | WARN | |
r-devel-linux-x86_64-debian-gcc | 2.2.6 | 35.43 | 99.58 | 135.01 | OK | |
r-devel-linux-x86_64-fedora-clang | 2.2.6 | 242.90 | WARN | |||
r-devel-linux-x86_64-fedora-gcc | 2.2.6 | 239.39 | OK | |||
r-devel-windows-x86_64 | 2.2.6 | 58.00 | 195.00 | 253.00 | OK | |
r-patched-linux-x86_64 | 2.2.6 | 45.96 | 126.54 | 172.50 | OK | |
r-release-linux-x86_64 | 2.2.6 | 41.97 | 123.79 | 165.76 | OK | |
r-release-macos-arm64 | 2.2.6 | 63.00 | OK | |||
r-release-macos-x86_64 | 2.2.6 | 103.00 | OK | |||
r-release-windows-x86_64 | 2.2.6 | 56.00 | 193.00 | 249.00 | OK | |
r-oldrel-macos-arm64 | 2.2.6 | 63.00 | OK | |||
r-oldrel-macos-x86_64 | 2.2.6 | 117.00 | OK | |||
r-oldrel-windows-ix86+x86_64 | 2.2.6 | 107.00 | 211.00 | 318.00 | OK |
Version: 2.2.6
Check: whether package can be installed
Result: WARN
Found the following significant warnings:
tvpcpp.cpp:19:17: warning: relational comparison result unused [-Wunused-comparison]
Flavors: r-devel-linux-x86_64-debian-clang, r-devel-linux-x86_64-fedora-clang