Last updated on 2022-09-18 07:54:32 CEST.
Flavor | Version | Tinstall | Tcheck | Ttotal | Status | Flags |
---|---|---|---|---|---|---|
r-devel-linux-x86_64-debian-clang | 1.0.0 | 42.24 | 35.09 | 77.33 | NOTE | |
r-devel-linux-x86_64-debian-gcc | 1.0.0 | 33.83 | 27.27 | 61.10 | NOTE | |
r-devel-linux-x86_64-fedora-clang | 1.0.0 | 131.68 | NOTE | |||
r-devel-linux-x86_64-fedora-gcc | 1.0.0 | 112.54 | NOTE | |||
r-devel-windows-x86_64 | 1.0.0 | 51.00 | 83.00 | 134.00 | NOTE | |
r-patched-linux-x86_64 | 1.0.0 | 34.65 | 33.93 | 68.58 | NOTE | |
r-release-linux-x86_64 | 1.0.0 | 35.55 | 33.33 | 68.88 | NOTE | |
r-release-macos-arm64 | 1.0.0 | 28.00 | NOTE | |||
r-release-macos-x86_64 | 1.0.0 | 40.00 | NOTE | |||
r-release-windows-x86_64 | 1.0.0 | 53.00 | 81.00 | 134.00 | NOTE | |
r-oldrel-macos-arm64 | 1.0.0 | 34.00 | NOTE | |||
r-oldrel-macos-x86_64 | 1.0.0 | 52.00 | NOTE | |||
r-oldrel-windows-ix86+x86_64 | 1.0.0 | 107.00 | 88.00 | 195.00 | NOTE |
Version: 1.0.0
Check: LazyData
Result: NOTE
'LazyData' is specified without a 'data' directory
Flavors: r-devel-linux-x86_64-debian-clang, r-devel-linux-x86_64-debian-gcc, r-devel-linux-x86_64-fedora-clang, r-devel-linux-x86_64-fedora-gcc, r-devel-windows-x86_64, r-patched-linux-x86_64, r-release-linux-x86_64, r-release-macos-arm64, r-release-macos-x86_64, r-release-windows-x86_64, r-oldrel-macos-arm64, r-oldrel-macos-x86_64, r-oldrel-windows-ix86+x86_64
Version: 1.0.0
Check: compiled code
Result: NOTE
File ‘fastAdaboost/libs/fastAdaboost.so’:
Found no calls to: ‘R_registerRoutines’, ‘R_useDynamicSymbols’
It is good practice to register native routines and to disable symbol
search.
See ‘Writing portable packages’ in the ‘Writing R Extensions’ manual.
Flavors: r-devel-linux-x86_64-fedora-clang, r-devel-linux-x86_64-fedora-gcc