Last updated on 2022-09-23 06:53:59 CEST.
Flavor | Version | Tinstall | Tcheck | Ttotal | Status | Flags |
---|---|---|---|---|---|---|
r-devel-linux-x86_64-debian-clang | 3.2.0 | 44.48 | 206.16 | 250.64 | OK | |
r-devel-linux-x86_64-debian-gcc | 3.2.0 | 39.92 | 148.31 | 188.23 | OK | |
r-devel-linux-x86_64-fedora-clang | 3.2.0 | 321.10 | OK | |||
r-devel-linux-x86_64-fedora-gcc | 3.2.0 | 364.52 | OK | |||
r-devel-windows-x86_64 | 3.2.0 | 117.00 | 323.00 | 440.00 | OK | |
r-patched-linux-x86_64 | 3.2.0 | 44.07 | 192.58 | 236.65 | OK | |
r-release-linux-x86_64 | 3.2.0 | 40.41 | 188.82 | 229.23 | OK | |
r-release-macos-arm64 | 3.2.0 | 10.00 | ERROR | |||
r-release-macos-x86_64 | 3.2.0 | 11.00 | ERROR | |||
r-release-windows-x86_64 | 3.2.0 | 131.00 | 272.00 | 403.00 | OK | |
r-oldrel-macos-arm64 | 3.2.0 | 13.00 | ERROR | |||
r-oldrel-macos-x86_64 | 3.2.0 | 16.00 | ERROR | |||
r-oldrel-windows-ix86+x86_64 | 3.2.0 | 96.00 | 294.00 | 390.00 | NOTE |
Version: 3.2.0
Check: whether package can be installed
Result: ERROR
Installation failed.
Flavors: r-release-macos-arm64, r-release-macos-x86_64, r-oldrel-macos-arm64, r-oldrel-macos-x86_64
Version: 3.2.0
Check: installed package size
Result: NOTE
installed size is 6.1Mb
sub-directories of 1Mb or more:
data 1.3Mb
libs 2.4Mb
Flavor: r-oldrel-windows-ix86+x86_64