Last updated on 2022-09-30 10:54:01 CEST.
Flavor | Version | Tinstall | Tcheck | Ttotal | Status | Flags |
---|---|---|---|---|---|---|
r-devel-linux-x86_64-debian-clang | 1.0 | 2.49 | 34.39 | 36.88 | OK | |
r-devel-linux-x86_64-debian-gcc | 1.0 | 2.04 | 25.85 | 27.89 | OK | |
r-devel-linux-x86_64-fedora-clang | 1.0 | 59.39 | NOTE | |||
r-devel-linux-x86_64-fedora-gcc | 1.0 | 54.15 | NOTE | |||
r-devel-windows-x86_64 | 1.0 | 19.00 | 67.00 | 86.00 | OK | |
r-patched-linux-x86_64 | 1.0 | 2.30 | 33.57 | 35.87 | OK | |
r-release-linux-x86_64 | 1.0 | 2.66 | 33.19 | 35.85 | OK | |
r-release-macos-arm64 | 1.0 | 16.00 | OK | |||
r-release-macos-x86_64 | 1.0 | 26.00 | OK | |||
r-release-windows-x86_64 | 1.0 | 20.00 | 59.00 | 79.00 | OK | |
r-oldrel-macos-arm64 | 1.0 | 19.00 | OK | |||
r-oldrel-macos-x86_64 | 1.0 | 31.00 | OK | |||
r-oldrel-windows-ix86+x86_64 | 1.0 | 8.00 | 74.00 | 82.00 | OK |
Version: 1.0
Check: compiled code
Result: NOTE
File ‘restrictedMVN/libs/restrictedMVN.so’:
Found no calls to: ‘R_registerRoutines’, ‘R_useDynamicSymbols’
It is good practice to register native routines and to disable symbol
search.
See ‘Writing portable packages’ in the ‘Writing R Extensions’ manual.
Flavors: r-devel-linux-x86_64-fedora-clang, r-devel-linux-x86_64-fedora-gcc